Last updated on 2022-04-24 03:52:27 CEST.
Flavor | Version | Tinstall | Tcheck | Ttotal | Status | Flags |
---|---|---|---|---|---|---|
r-devel-linux-x86_64-debian-clang | 1.2.0 | 1.91 | 33.23 | 35.14 | NOTE | |
r-devel-linux-x86_64-debian-gcc | 1.2.0 | 1.35 | 25.92 | 27.27 | NOTE | |
r-devel-linux-x86_64-fedora-clang | 1.2.0 | 42.95 | NOTE | |||
r-devel-linux-x86_64-fedora-gcc | 1.2.0 | 31.91 | NOTE | |||
r-patched-linux-x86_64 | 1.2.0 | 1.41 | 31.89 | 33.30 | NOTE | |
r-release-linux-x86_64 | 1.2.0 | 1.62 | 30.79 | 32.41 | NOTE | |
r-release-macos-arm64 | 1.2.0 | NOTE | ||||
r-release-macos-x86_64 | 1.2.0 | NOTE | ||||
r-release-windows-x86_64 | 1.2.0 | 8.00 | 59.00 | 67.00 | NOTE | |
r-oldrel-macos-arm64 | 1.2.0 | NOTE | ||||
r-oldrel-macos-x86_64 | 1.2.0 | NOTE | ||||
r-oldrel-windows-ix86+x86_64 | 1.2.0 | 5.00 | 40.00 | 45.00 | NOTE |
Version: 1.2.0
Check: LazyData
Result: NOTE
'LazyData' is specified without a 'data' directory
Flavors: r-devel-linux-x86_64-debian-clang, r-devel-linux-x86_64-debian-gcc, r-devel-linux-x86_64-fedora-clang, r-devel-linux-x86_64-fedora-gcc, r-patched-linux-x86_64, r-release-linux-x86_64, r-release-macos-arm64, r-release-macos-x86_64, r-release-windows-x86_64, r-oldrel-macos-arm64, r-oldrel-macos-x86_64, r-oldrel-windows-ix86+x86_64