Last updated on 2022-04-24 03:52:27 CEST.
Flavor | Version | Tinstall | Tcheck | Ttotal | Status | Flags |
---|---|---|---|---|---|---|
r-devel-linux-x86_64-debian-clang | 2.1.4 | 10.92 | 110.87 | 121.79 | OK | |
r-devel-linux-x86_64-debian-gcc | 2.1.4 | 8.94 | 83.58 | 92.52 | OK | |
r-devel-linux-x86_64-fedora-clang | 2.1.4 | 153.73 | NOTE | |||
r-devel-linux-x86_64-fedora-gcc | 2.1.4 | 146.21 | NOTE | |||
r-patched-linux-x86_64 | 2.1.4 | 10.35 | 106.65 | 117.00 | OK | |
r-release-linux-x86_64 | 2.1.4 | 6.38 | 96.45 | 102.83 | OK | |
r-release-macos-arm64 | 2.1.4 | NOTE | ||||
r-release-macos-x86_64 | 2.1.4 | NOTE | ||||
r-release-windows-x86_64 | 2.1.4 | 16.00 | 131.00 | 147.00 | OK | |
r-oldrel-macos-arm64 | 2.1.4 | NOTE | ||||
r-oldrel-macos-x86_64 | 2.1.4 | NOTE | ||||
r-oldrel-windows-ix86+x86_64 | 2.1.4 | 22.00 | 120.00 | 142.00 | OK |
Version: 2.1.4
Check: dependencies in R code
Result: NOTE
Namespace in Imports field not imported from: ‘spatstat.linnet’
All declared Imports should be used.
Flavors: r-devel-linux-x86_64-fedora-clang, r-devel-linux-x86_64-fedora-gcc, r-release-macos-arm64, r-release-macos-x86_64, r-oldrel-macos-arm64, r-oldrel-macos-x86_64