Last updated on 2022-04-24 03:52:27 CEST.
Flavor | Version | Tinstall | Tcheck | Ttotal | Status | Flags |
---|---|---|---|---|---|---|
r-devel-linux-x86_64-debian-clang | 1.0.1 | 213.86 | 86.22 | 300.08 | OK | |
r-devel-linux-x86_64-debian-gcc | 1.0.1 | 189.75 | 65.12 | 254.87 | OK | |
r-devel-linux-x86_64-fedora-clang | 1.0.1 | 471.02 | NOTE | |||
r-devel-linux-x86_64-fedora-gcc | 1.0.1 | 397.34 | OK | |||
r-patched-linux-x86_64 | 1.0.1 | 194.15 | 81.69 | 275.84 | OK | |
r-release-linux-x86_64 | 1.0.1 | 198.58 | 75.82 | 274.40 | OK | |
r-release-macos-arm64 | 1.0.1 | NOTE | ||||
r-release-macos-x86_64 | 1.0.1 | NOTE | ||||
r-release-windows-x86_64 | 1.0.1 | 197.00 | 124.00 | 321.00 | NOTE | |
r-oldrel-macos-arm64 | 1.0.1 | NOTE | ||||
r-oldrel-macos-x86_64 | 1.0.1 | NOTE | ||||
r-oldrel-windows-ix86+x86_64 | 1.0.1 | 513.00 | 132.00 | 645.00 | NOTE |
Version: 1.0.1
Check: installed package size
Result: NOTE
installed size is 18.4Mb
sub-directories of 1Mb or more:
extdata 8.9Mb
libs 9.4Mb
Flavors: r-devel-linux-x86_64-fedora-clang, r-release-macos-arm64, r-release-macos-x86_64, r-release-windows-x86_64, r-oldrel-macos-arm64, r-oldrel-macos-x86_64, r-oldrel-windows-ix86+x86_64