Last updated on 2022-04-24 03:52:27 CEST.
Flavor | Version | Tinstall | Tcheck | Ttotal | Status | Flags |
---|---|---|---|---|---|---|
r-devel-linux-x86_64-debian-clang | 0.5-10 | 6.73 | 195.94 | 202.67 | NOTE | |
r-devel-linux-x86_64-debian-gcc | 0.5-10 | 4.97 | 138.27 | 143.24 | NOTE | |
r-devel-linux-x86_64-fedora-clang | 0.5-10 | 242.20 | NOTE | |||
r-devel-linux-x86_64-fedora-gcc | 0.5-10 | 230.03 | NOTE | |||
r-patched-linux-x86_64 | 0.5-10 | 7.09 | 180.89 | 187.98 | OK | |
r-release-linux-x86_64 | 0.5-10 | 5.99 | 185.66 | 191.65 | OK | |
r-release-macos-arm64 | 0.5-10 | OK | ||||
r-release-macos-x86_64 | 0.5-10 | OK | ||||
r-release-windows-x86_64 | 0.5-10 | 49.00 | 210.00 | 259.00 | OK | |
r-oldrel-macos-arm64 | 0.5-10 | OK | ||||
r-oldrel-macos-x86_64 | 0.5-10 | OK | ||||
r-oldrel-windows-ix86+x86_64 | 0.5-10 | 13.00 | 215.00 | 228.00 | OK |
Version: 0.5-10
Check: Rd files
Result: NOTE
checkRd: (7) file 'allele.count.rd': \item in \value must have non-empty label
checkRd: (7) file 'getal.b.Rd': \item in \value must have non-empty label
checkRd: (7) file 'ind.count.Rd': \item in \value must have non-empty label
checkRd: (7) file 'nb.alleles.rd': \item in \value must have non-empty label
checkRd: (7) file 'pop.freq.Rd': \item in \value must have non-empty label
Flavors: r-devel-linux-x86_64-debian-clang, r-devel-linux-x86_64-debian-gcc, r-devel-linux-x86_64-fedora-clang, r-devel-linux-x86_64-fedora-gcc