Last updated on 2022-04-24 03:52:27 CEST.
Flavor | Version | Tinstall | Tcheck | Ttotal | Status | Flags |
---|---|---|---|---|---|---|
r-devel-linux-x86_64-debian-clang | 1.1 | 2.13 | 31.95 | 34.08 | NOTE | |
r-devel-linux-x86_64-debian-gcc | 1.1 | 1.61 | 23.82 | 25.43 | NOTE | |
r-devel-linux-x86_64-fedora-clang | 1.1 | 41.00 | NOTE | |||
r-devel-linux-x86_64-fedora-gcc | 1.1 | 29.56 | NOTE | |||
r-patched-linux-x86_64 | 1.1 | 2.13 | 29.26 | 31.39 | NOTE | |
r-release-linux-x86_64 | 1.1 | 1.59 | 29.94 | 31.53 | NOTE | |
r-release-macos-arm64 | 1.1 | NOTE | ||||
r-release-macos-x86_64 | 1.1 | NOTE | ||||
r-release-windows-x86_64 | 1.1 | 18.00 | 46.00 | 64.00 | NOTE | |
r-oldrel-macos-arm64 | 1.1 | NOTE | ||||
r-oldrel-macos-x86_64 | 1.1 | NOTE | ||||
r-oldrel-windows-ix86+x86_64 | 1.1 | 4.00 | 25.00 | 29.00 | NOTE |
Version: 1.1
Check: R code for possible problems
Result: NOTE
compute.contrasts: no visible binding for global variable 'sd'
compute.contrasts: no visible global function definition for 'cor'
compute.contrasts: no visible global function definition for 'sd'
plot.hiertest: no visible global function definition for 'legend'
Undefined global functions or variables:
cor legend sd
Consider adding
importFrom("graphics", "legend")
importFrom("stats", "cor", "sd")
to your NAMESPACE file.
Flavors: r-devel-linux-x86_64-debian-clang, r-devel-linux-x86_64-debian-gcc, r-devel-linux-x86_64-fedora-clang, r-devel-linux-x86_64-fedora-gcc, r-patched-linux-x86_64, r-release-linux-x86_64, r-release-macos-arm64, r-release-macos-x86_64, r-release-windows-x86_64, r-oldrel-macos-arm64, r-oldrel-macos-x86_64, r-oldrel-windows-ix86+x86_64
Version: 1.1
Check: LazyData
Result: NOTE
'LazyData' is specified without a 'data' directory
Flavors: r-devel-linux-x86_64-debian-clang, r-devel-linux-x86_64-debian-gcc, r-devel-linux-x86_64-fedora-clang, r-devel-linux-x86_64-fedora-gcc, r-patched-linux-x86_64, r-release-linux-x86_64, r-release-macos-arm64, r-release-macos-x86_64, r-release-windows-x86_64, r-oldrel-macos-arm64, r-oldrel-macos-x86_64, r-oldrel-windows-ix86+x86_64