Last updated on 2022-04-24 03:52:27 CEST.
Flavor | Version | Tinstall | Tcheck | Ttotal | Status | Flags |
---|---|---|---|---|---|---|
r-devel-linux-x86_64-debian-clang | 0.9.4 | 14.52 | 150.62 | 165.14 | OK | |
r-devel-linux-x86_64-debian-gcc | 0.9.4 | 11.82 | 110.44 | 122.26 | OK | |
r-devel-linux-x86_64-fedora-clang | 0.9.4 | 201.74 | NOTE | |||
r-devel-linux-x86_64-fedora-gcc | 0.9.4 | 190.81 | NOTE | |||
r-patched-linux-x86_64 | 0.9.4 | 15.51 | 139.69 | 155.20 | OK | |
r-release-linux-x86_64 | 0.9.4 | 13.10 | 141.14 | 154.24 | OK | |
r-release-macos-arm64 | 0.9.4 | NOTE | ||||
r-release-macos-x86_64 | 0.9.4 | NOTE | ||||
r-release-windows-x86_64 | 0.9.4 | 261.00 | 250.00 | 511.00 | OK | |
r-oldrel-macos-arm64 | 0.9.4 | NOTE | ||||
r-oldrel-macos-x86_64 | 0.9.4 | NOTE | ||||
r-oldrel-windows-ix86+x86_64 | 0.9.4 | 31.00 | 179.00 | 210.00 | OK |
Version: 0.9.4
Check: data for non-ASCII characters
Result: NOTE
Note: found 11 marked UTF-8 strings
Flavors: r-devel-linux-x86_64-fedora-clang, r-devel-linux-x86_64-fedora-gcc, r-release-macos-arm64, r-release-macos-x86_64, r-oldrel-macos-arm64, r-oldrel-macos-x86_64