Last updated on 2022-04-24 03:52:27 CEST.
Flavor | Version | Tinstall | Tcheck | Ttotal | Status | Flags |
---|---|---|---|---|---|---|
r-devel-linux-x86_64-debian-clang | 0.9.3 | 118.16 | 282.47 | 400.63 | OK | |
r-devel-linux-x86_64-debian-gcc | 0.9.3 | 98.62 | 208.74 | 307.36 | OK | |
r-devel-linux-x86_64-fedora-clang | 0.9.3 | 482.91 | NOTE | |||
r-devel-linux-x86_64-fedora-gcc | 0.9.3 | 457.63 | OK | |||
r-patched-linux-x86_64 | 0.9.3 | 110.66 | 231.48 | 342.14 | OK | |
r-release-linux-x86_64 | 0.9.2 | 108.39 | 239.45 | 347.84 | OK | |
r-release-macos-arm64 | 0.9.2 | NOTE | ||||
r-release-macos-x86_64 | 0.9.2 | NOTE | ||||
r-release-windows-x86_64 | 0.9.2 | 186.00 | 287.00 | 473.00 | OK | |
r-oldrel-macos-arm64 | 0.9.2 | NOTE | ||||
r-oldrel-macos-x86_64 | 0.9.2 | NOTE | ||||
r-oldrel-windows-ix86+x86_64 | 0.9.3 | 294.00 | 463.00 | 757.00 | NOTE |
Version: 0.9.3
Check: installed package size
Result: NOTE
installed size is 5.6Mb
sub-directories of 1Mb or more:
data 2.0Mb
libs 2.6Mb
Flavors: r-devel-linux-x86_64-fedora-clang, r-oldrel-windows-ix86+x86_64
Version: 0.9.2
Check: installed package size
Result: NOTE
installed size is 7.9Mb
sub-directories of 1Mb or more:
data 2.0Mb
libs 4.9Mb
Flavors: r-release-macos-arm64, r-release-macos-x86_64, r-oldrel-macos-arm64, r-oldrel-macos-x86_64