Last updated on 2022-04-24 03:52:27 CEST.
Flavor | Version | Tinstall | Tcheck | Ttotal | Status | Flags |
---|---|---|---|---|---|---|
r-devel-linux-x86_64-debian-clang | 0.5.0 | 67.29 | 39.25 | 106.54 | OK | |
r-devel-linux-x86_64-debian-gcc | 0.5.0 | 56.59 | 29.65 | 86.24 | OK | |
r-devel-linux-x86_64-fedora-clang | 0.5.0 | 179.37 | NOTE | |||
r-devel-linux-x86_64-fedora-gcc | 0.5.0 | 136.82 | OK | |||
r-patched-linux-x86_64 | 0.5.0 | 62.34 | 37.96 | 100.30 | OK | |
r-release-linux-x86_64 | 0.5.0 | 62.41 | 36.37 | 98.78 | OK | |
r-release-macos-arm64 | 0.5.0 | NOTE | ||||
r-release-macos-x86_64 | 0.5.0 | NOTE | ||||
r-release-windows-x86_64 | 0.5.0 | 243.00 | 88.00 | 331.00 | OK | |
r-oldrel-macos-arm64 | 0.5.0 | NOTE | ||||
r-oldrel-macos-x86_64 | 0.5.0 | NOTE | ||||
r-oldrel-windows-ix86+x86_64 | 0.5.0 | 166.00 | 54.00 | 220.00 | OK |
Version: 0.5.0
Check: installed package size
Result: NOTE
installed size is 6.4Mb
sub-directories of 1Mb or more:
highlight 1.1Mb
libs 5.1Mb
Flavors: r-devel-linux-x86_64-fedora-clang, r-release-macos-arm64, r-release-macos-x86_64, r-oldrel-macos-arm64, r-oldrel-macos-x86_64