Last updated on 2022-04-24 03:52:27 CEST.
Flavor | Version | Tinstall | Tcheck | Ttotal | Status | Flags |
---|---|---|---|---|---|---|
r-devel-linux-x86_64-debian-clang | 1.4.7 | 17.87 | 184.12 | 201.99 | NOTE | |
r-devel-linux-x86_64-debian-gcc | 1.4.7 | 13.84 | 134.96 | 148.80 | NOTE | |
r-devel-linux-x86_64-fedora-clang | 1.4.7 | 250.21 | OK | |||
r-devel-linux-x86_64-fedora-gcc | 1.4.7 | 239.95 | OK | |||
r-patched-linux-x86_64 | 1.4.7 | 16.82 | 169.74 | 186.56 | NOTE | |
r-release-linux-x86_64 | 1.4.7 | 13.78 | 159.71 | 173.49 | NOTE | |
r-release-macos-arm64 | 1.4.7 | NOTE | ||||
r-release-macos-x86_64 | 1.4.7 | NOTE | ||||
r-release-windows-x86_64 | 1.4.7 | 55.00 | 192.00 | 247.00 | NOTE | |
r-oldrel-macos-arm64 | 1.4.7 | NOTE | ||||
r-oldrel-macos-x86_64 | 1.4.7 | NOTE | ||||
r-oldrel-windows-ix86+x86_64 | 1.4.7 | 37.00 | 178.00 | 215.00 | OK |
Version: 1.4.7
Check: package dependencies
Result: NOTE
Package suggested but not available for checking: 'INLA'
Flavors: r-devel-linux-x86_64-debian-clang, r-devel-linux-x86_64-debian-gcc, r-patched-linux-x86_64, r-release-linux-x86_64, r-release-macos-arm64, r-release-macos-x86_64, r-release-windows-x86_64, r-oldrel-macos-arm64, r-oldrel-macos-x86_64