Last updated on 2022-04-24 03:52:27 CEST.
Flavor | Version | Tinstall | Tcheck | Ttotal | Status | Flags |
---|---|---|---|---|---|---|
r-devel-linux-x86_64-debian-clang | 0.4.3 | 17.53 | 191.21 | 208.74 | NOTE | |
r-devel-linux-x86_64-debian-gcc | 0.4.3 | 14.54 | 148.47 | 163.01 | NOTE | |
r-devel-linux-x86_64-fedora-clang | 0.4.3 | 261.06 | NOTE | |||
r-devel-linux-x86_64-fedora-gcc | 0.4.3 | 251.03 | NOTE | |||
r-patched-linux-x86_64 | 0.4.3 | 14.24 | 194.03 | 208.27 | NOTE | |
r-release-linux-x86_64 | 0.4.3 | 12.81 | 193.71 | 206.52 | NOTE | |
r-release-macos-arm64 | 0.4.3 | NOTE | ||||
r-release-macos-x86_64 | 0.4.3 | NOTE | ||||
r-release-windows-x86_64 | 0.4.3 | 46.00 | 269.00 | 315.00 | NOTE | |
r-oldrel-macos-arm64 | 0.4.3 | NOTE | ||||
r-oldrel-macos-x86_64 | 0.4.3 | NOTE | ||||
r-oldrel-windows-ix86+x86_64 | 0.4.3 | 43.00 | 248.00 | 291.00 | NOTE |
Version: 0.4.3
Check: LazyData
Result: NOTE
'LazyData' is specified without a 'data' directory
Flavors: r-devel-linux-x86_64-debian-clang, r-devel-linux-x86_64-debian-gcc, r-devel-linux-x86_64-fedora-clang, r-devel-linux-x86_64-fedora-gcc, r-patched-linux-x86_64, r-release-linux-x86_64, r-release-macos-arm64, r-release-macos-x86_64, r-release-windows-x86_64, r-oldrel-macos-arm64, r-oldrel-macos-x86_64, r-oldrel-windows-ix86+x86_64