Last updated on 2022-04-24 03:52:27 CEST.
Flavor | Version | Tinstall | Tcheck | Ttotal | Status | Flags |
---|---|---|---|---|---|---|
r-devel-linux-x86_64-debian-clang | 0.2 | 1.76 | 32.46 | 34.22 | NOTE | |
r-devel-linux-x86_64-debian-gcc | 0.2 | 2.02 | 25.27 | 27.29 | NOTE | |
r-devel-linux-x86_64-fedora-clang | 0.2 | 42.86 | NOTE | |||
r-devel-linux-x86_64-fedora-gcc | 0.2 | 32.59 | NOTE | |||
r-patched-linux-x86_64 | 0.2 | 1.66 | 31.96 | 33.62 | NOTE | |
r-release-linux-x86_64 | 0.2 | 2.42 | 31.54 | 33.96 | NOTE | |
r-release-macos-arm64 | 0.2 | NOTE | ||||
r-release-macos-x86_64 | 0.2 | NOTE | ||||
r-release-windows-x86_64 | 0.2 | 19.00 | 50.00 | 69.00 | NOTE | |
r-oldrel-macos-arm64 | 0.2 | NOTE | ||||
r-oldrel-macos-x86_64 | 0.2 | NOTE | ||||
r-oldrel-windows-ix86+x86_64 | 0.2 | 7.00 | 49.00 | 56.00 | NOTE |
Version: 0.2
Check: DESCRIPTION meta-information
Result: NOTE
Malformed Description field: should contain one or more complete sentences.
Flavors: r-devel-linux-x86_64-debian-clang, r-devel-linux-x86_64-debian-gcc, r-devel-linux-x86_64-fedora-clang, r-devel-linux-x86_64-fedora-gcc, r-patched-linux-x86_64, r-release-linux-x86_64, r-release-macos-arm64, r-release-macos-x86_64, r-release-windows-x86_64, r-oldrel-macos-arm64, r-oldrel-macos-x86_64, r-oldrel-windows-ix86+x86_64
Version: 0.2
Check: R code for possible problems
Result: NOTE
occupancy: no visible global function definition for 'quantile'
Undefined global functions or variables:
quantile
Consider adding
importFrom("stats", "quantile")
to your NAMESPACE file.
Flavors: r-devel-linux-x86_64-debian-clang, r-devel-linux-x86_64-debian-gcc, r-devel-linux-x86_64-fedora-clang, r-devel-linux-x86_64-fedora-gcc, r-patched-linux-x86_64, r-release-linux-x86_64, r-release-macos-arm64, r-release-macos-x86_64, r-release-windows-x86_64, r-oldrel-macos-arm64, r-oldrel-macos-x86_64, r-oldrel-windows-ix86+x86_64
Version: 0.2
Check: compiled code
Result: NOTE
File ‘hillmakeR/libs/hillmakeR.so’:
Found no calls to: ‘R_registerRoutines’, ‘R_useDynamicSymbols’
It is good practice to register native routines and to disable symbol
search.
See ‘Writing portable packages’ in the ‘Writing R Extensions’ manual.
Flavors: r-devel-linux-x86_64-fedora-clang, r-devel-linux-x86_64-fedora-gcc