Last updated on 2022-04-24 03:52:27 CEST.
Flavor | Version | Tinstall | Tcheck | Ttotal | Status | Flags |
---|---|---|---|---|---|---|
r-devel-linux-x86_64-debian-clang | 0.2.4 | 8.46 | 77.50 | 85.96 | NOTE | |
r-devel-linux-x86_64-debian-gcc | 0.2.4 | 7.00 | 58.17 | 65.17 | NOTE | |
r-devel-linux-x86_64-fedora-clang | 0.2.4 | 103.39 | NOTE | |||
r-devel-linux-x86_64-fedora-gcc | 0.2.4 | 93.03 | NOTE | |||
r-patched-linux-x86_64 | 0.2.4 | 8.96 | 74.59 | 83.55 | NOTE | |
r-release-linux-x86_64 | 0.2.4 | 6.67 | 73.96 | 80.63 | NOTE | |
r-release-macos-arm64 | 0.2.4 | OK | ||||
r-release-macos-x86_64 | 0.2.4 | OK | ||||
r-release-windows-x86_64 | 0.2.4 | 32.00 | 102.00 | 134.00 | OK | |
r-oldrel-macos-arm64 | 0.2.4 | OK | ||||
r-oldrel-macos-x86_64 | 0.2.4 | OK | ||||
r-oldrel-windows-ix86+x86_64 | 0.2.4 | 20.00 | 86.00 | 106.00 | OK |
Version: 0.2.4
Check: package dependencies
Result: NOTE
Package suggested but not available for checking: 'trackr'
Flavors: r-devel-linux-x86_64-debian-clang, r-devel-linux-x86_64-debian-gcc, r-devel-linux-x86_64-fedora-clang, r-devel-linux-x86_64-fedora-gcc, r-patched-linux-x86_64, r-release-linux-x86_64