Last updated on 2022-04-24 03:52:27 CEST.
Flavor | Version | Tinstall | Tcheck | Ttotal | Status | Flags |
---|---|---|---|---|---|---|
r-devel-linux-x86_64-debian-clang | 1.0.3 | 13.40 | 124.06 | 137.46 | OK | |
r-devel-linux-x86_64-debian-gcc | 1.0.3 | 9.52 | 90.88 | 100.40 | OK | |
r-devel-linux-x86_64-fedora-clang | 1.0.3 | 164.13 | NOTE | |||
r-devel-linux-x86_64-fedora-gcc | 1.0.3 | 151.75 | NOTE | |||
r-patched-linux-x86_64 | 1.0.3 | 12.78 | 118.87 | 131.65 | OK | |
r-release-linux-x86_64 | 1.0.3 | 10.70 | 111.47 | 122.17 | OK | |
r-release-macos-arm64 | 1.0.3 | NOTE | ||||
r-release-macos-x86_64 | 1.0.3 | NOTE | ||||
r-release-windows-x86_64 | 1.0.3 | 18.00 | 133.00 | 151.00 | OK | |
r-oldrel-macos-arm64 | 1.0.3 | NOTE | ||||
r-oldrel-macos-x86_64 | 1.0.3 | NOTE | ||||
r-oldrel-windows-ix86+x86_64 | 1.0.3 | 26.00 | 122.00 | 148.00 | OK |
Version: 1.0.3
Check: dependencies in R code
Result: NOTE
Namespaces in Imports field not imported from:
‘Rcpp’ ‘methods’ ‘rgl’
All declared Imports should be used.
Flavors: r-devel-linux-x86_64-fedora-clang, r-devel-linux-x86_64-fedora-gcc, r-release-macos-arm64, r-release-macos-x86_64, r-oldrel-macos-arm64, r-oldrel-macos-x86_64