Last updated on 2022-04-24 03:52:27 CEST.
Flavor | Version | Tinstall | Tcheck | Ttotal | Status | Flags |
---|---|---|---|---|---|---|
r-devel-linux-x86_64-debian-clang | 2.1.4.1 | 22.59 | 157.30 | 179.89 | OK | |
r-devel-linux-x86_64-debian-gcc | 2.1.4.1 | 15.12 | 113.84 | 128.96 | OK | |
r-devel-linux-x86_64-fedora-clang | 2.1.4.1 | 211.71 | NOTE | |||
r-devel-linux-x86_64-fedora-gcc | 2.1.4.1 | 199.46 | OK | |||
r-patched-linux-x86_64 | 2.1.4.1 | 22.06 | 148.57 | 170.63 | OK | |
r-release-linux-x86_64 | 2.1.4.1 | 17.67 | 141.89 | 159.56 | OK | |
r-release-macos-arm64 | 2.1.4.1 | OK | ||||
r-release-macos-x86_64 | 2.1.4.1 | OK | ||||
r-release-windows-x86_64 | 2.1.4.1 | 53.00 | 181.00 | 234.00 | OK | |
r-oldrel-macos-arm64 | 2.1.4.1 | OK | ||||
r-oldrel-macos-x86_64 | 2.1.4.1 | OK | ||||
r-oldrel-windows-ix86+x86_64 | 2.1.4.1 | 34.00 | 166.00 | 200.00 | OK |
Version: 2.1.4.1
Check: Rd cross-references
Result: NOTE
Undeclared packages ‘nlreg’, ‘cond’, ‘marg’ in Rd xrefs
Flavor: r-devel-linux-x86_64-fedora-clang