Last updated on 2022-04-24 03:52:27 CEST.
Flavor | Version | Tinstall | Tcheck | Ttotal | Status | Flags |
---|---|---|---|---|---|---|
r-devel-linux-x86_64-debian-clang | 1.0-9 | 6.29 | 67.65 | 73.94 | OK | |
r-devel-linux-x86_64-debian-gcc | 1.0-9 | 4.42 | 50.39 | 54.81 | OK | |
r-devel-linux-x86_64-fedora-clang | 1.0-9 | 88.21 | NOTE | |||
r-devel-linux-x86_64-fedora-gcc | 1.0-9 | 77.86 | OK | |||
r-patched-linux-x86_64 | 1.0-9 | 4.79 | 65.76 | 70.55 | OK | |
r-release-linux-x86_64 | 1.0-9 | 5.54 | 62.97 | 68.51 | OK | |
r-release-macos-arm64 | 1.0-9 | OK | ||||
r-release-macos-x86_64 | 1.0-9 | OK | ||||
r-release-windows-x86_64 | 1.0-9 | 29.00 | 81.00 | 110.00 | OK | |
r-oldrel-macos-arm64 | 1.0-9 | OK | ||||
r-oldrel-macos-x86_64 | 1.0-9 | OK | ||||
r-oldrel-windows-ix86+x86_64 | 1.0-9 | 10.00 | 71.00 | 81.00 | OK |
Version: 1.0-9
Check: Rd cross-references
Result: NOTE
Undeclared package ‘rgl’ in Rd xrefs
Flavor: r-devel-linux-x86_64-fedora-clang