Last updated on 2022-04-24 03:52:27 CEST.
Flavor | Version | Tinstall | Tcheck | Ttotal | Status | Flags |
---|---|---|---|---|---|---|
r-devel-linux-x86_64-debian-clang | 1.5.0 | 21.79 | 139.67 | 161.46 | OK | |
r-devel-linux-x86_64-debian-gcc | 1.5.0 | 16.30 | 100.82 | 117.12 | OK | |
r-devel-linux-x86_64-fedora-clang | 1.5.0 | 203.65 | NOTE | |||
r-devel-linux-x86_64-fedora-gcc | 1.5.0 | 177.64 | OK | |||
r-patched-linux-x86_64 | 1.5.0 | 23.73 | 128.71 | 152.44 | OK | |
r-release-linux-x86_64 | 1.5.0 | 20.84 | 126.08 | 146.92 | OK | |
r-release-macos-arm64 | 1.5.0 | OK | ||||
r-release-macos-x86_64 | 1.5.0 | OK | ||||
r-release-windows-x86_64 | 1.5.0 | 79.00 | 168.00 | 247.00 | OK | |
r-oldrel-macos-arm64 | 1.5.0 | OK | ||||
r-oldrel-macos-x86_64 | 1.5.0 | OK | ||||
r-oldrel-windows-ix86+x86_64 | 1.5.0 | 37.00 | 143.00 | 180.00 | OK |
Version: 1.5.0
Check: Rd cross-references
Result: NOTE
Undeclared package ‘yaml’ in Rd xrefs
Flavor: r-devel-linux-x86_64-fedora-clang