Last updated on 2022-04-24 03:52:27 CEST.
Flavor | Version | Tinstall | Tcheck | Ttotal | Status | Flags |
---|---|---|---|---|---|---|
r-devel-linux-x86_64-debian-clang | 0.10.3 | 47.80 | 140.14 | 187.94 | OK | |
r-devel-linux-x86_64-debian-gcc | 0.10.3 | 38.99 | 105.77 | 144.76 | OK | |
r-devel-linux-x86_64-fedora-clang | 0.10.3 | 243.66 | NOTE | |||
r-devel-linux-x86_64-fedora-gcc | 0.10.3 | 218.14 | NOTE | |||
r-patched-linux-x86_64 | 0.10.3 | 39.20 | 134.97 | 174.17 | OK | |
r-release-linux-x86_64 | 0.10.3 | 40.06 | 125.95 | 166.01 | OK | |
r-release-macos-arm64 | 0.10.3 | NOTE | ||||
r-release-macos-x86_64 | 0.10.3 | NOTE | ||||
r-release-windows-x86_64 | 0.10.3 | 58.00 | 179.00 | 237.00 | OK | |
r-oldrel-macos-arm64 | 0.10.3 | NOTE | ||||
r-oldrel-macos-x86_64 | 0.10.3 | NOTE | ||||
r-oldrel-windows-ix86+x86_64 | 0.10.3 | 98.00 | 263.00 | 361.00 | OK |
Version: 0.10.3
Check: installed package size
Result: NOTE
installed size is 8.7Mb
sub-directories of 1Mb or more:
libs 7.9Mb
Flavors: r-devel-linux-x86_64-fedora-clang, r-release-macos-arm64, r-release-macos-x86_64, r-oldrel-macos-arm64, r-oldrel-macos-x86_64
Version: 0.10.3
Check: dependencies in R code
Result: NOTE
Namespace in Imports field not imported from: ‘Matrix’
All declared Imports should be used.
Flavors: r-devel-linux-x86_64-fedora-clang, r-devel-linux-x86_64-fedora-gcc, r-release-macos-arm64, r-release-macos-x86_64, r-oldrel-macos-arm64, r-oldrel-macos-x86_64