Last updated on 2022-04-24 03:52:27 CEST.
Flavor | Version | Tinstall | Tcheck | Ttotal | Status | Flags |
---|---|---|---|---|---|---|
r-devel-linux-x86_64-debian-clang | 0.1.0 | 4.73 | 49.56 | 54.29 | OK | |
r-devel-linux-x86_64-debian-gcc | 0.1.0 | 2.77 | 37.12 | 39.89 | OK | |
r-devel-linux-x86_64-fedora-clang | 0.1.0 | 63.87 | NOTE | |||
r-devel-linux-x86_64-fedora-gcc | 0.1.0 | 52.44 | NOTE | |||
r-patched-linux-x86_64 | 0.1.0 | 3.63 | 46.90 | 50.53 | OK | |
r-release-linux-x86_64 | 0.1.0 | 3.37 | 44.21 | 47.58 | OK | |
r-release-macos-arm64 | 0.1.0 | NOTE | ||||
r-release-macos-x86_64 | 0.1.0 | NOTE | ||||
r-release-windows-x86_64 | 0.1.0 | 13.00 | 64.00 | 77.00 | OK | |
r-oldrel-macos-arm64 | 0.1.0 | NOTE | ||||
r-oldrel-macos-x86_64 | 0.1.0 | NOTE | ||||
r-oldrel-windows-ix86+x86_64 | 0.1.0 | 9.00 | 53.00 | 62.00 | OK |
Version: 0.1.0
Check: data for non-ASCII characters
Result: NOTE
Note: found 124 marked UTF-8 strings
Flavors: r-devel-linux-x86_64-fedora-clang, r-devel-linux-x86_64-fedora-gcc, r-release-macos-arm64, r-release-macos-x86_64, r-oldrel-macos-arm64, r-oldrel-macos-x86_64