Last updated on 2022-04-24 03:52:27 CEST.
Flavor | Version | Tinstall | Tcheck | Ttotal | Status | Flags |
---|---|---|---|---|---|---|
r-devel-linux-x86_64-debian-clang | 1.0 | 1.71 | 29.65 | 31.36 | OK | |
r-devel-linux-x86_64-debian-gcc | 1.0 | 1.44 | 23.43 | 24.87 | OK | |
r-devel-linux-x86_64-fedora-clang | 1.0 | 39.39 | OK | |||
r-devel-linux-x86_64-fedora-gcc | 1.0 | 27.75 | OK | |||
r-patched-linux-x86_64 | 1.0 | 0.90 | 11.11 | 12.01 | ERROR | |
r-release-linux-x86_64 | 1.0 | 1.43 | 28.96 | 30.39 | OK | |
r-release-macos-arm64 | 1.0 | OK | ||||
r-release-macos-x86_64 | 1.0 | OK | ||||
r-release-windows-x86_64 | 1.0 | 10.00 | 47.00 | 57.00 | OK | |
r-oldrel-macos-arm64 | 1.0 | OK | ||||
r-oldrel-macos-x86_64 | 1.0 | OK | ||||
r-oldrel-windows-ix86+x86_64 | 1.0 | 4.00 | 24.00 | 28.00 | OK |
Version: 1.0
Check: whether package can be installed
Result: ERROR
Installation failed.
Flavor: r-patched-linux-x86_64