Last updated on 2022-04-24 03:52:28 CEST.
Flavor | Version | Tinstall | Tcheck | Ttotal | Status | Flags |
---|---|---|---|---|---|---|
r-devel-linux-x86_64-debian-clang | 0.1.0 | 2.20 | 38.95 | 41.15 | OK | |
r-devel-linux-x86_64-debian-gcc | 0.1.0 | 2.06 | 30.54 | 32.60 | OK | |
r-devel-linux-x86_64-fedora-clang | 0.1.0 | 51.25 | OK | |||
r-devel-linux-x86_64-fedora-gcc | 0.1.0 | 39.84 | OK | |||
r-patched-linux-x86_64 | 0.1.0 | 2.03 | 38.18 | 40.21 | OK | |
r-release-linux-x86_64 | 0.1.0 | 2.63 | 36.79 | 39.42 | OK | |
r-release-macos-arm64 | 0.1.0 | OK | ||||
r-release-macos-x86_64 | 0.1.0 | WARN | ||||
r-release-windows-x86_64 | 0.1.0 | 24.00 | 78.00 | 102.00 | OK | |
r-oldrel-macos-arm64 | 0.1.0 | OK | ||||
r-oldrel-macos-x86_64 | 0.1.0 | WARN | ||||
r-oldrel-windows-ix86+x86_64 | 0.1.0 | 6.00 | 48.00 | 54.00 | OK |
Version: 0.1.0
Check: re-building of vignette outputs
Result: WARN
Error(s) in re-building vignettes:
...
--- re-building ‘hpackedbubble.Rmd’ using rmarkdown
Warning in engine$weave(file, quiet = quiet, encoding = enc) :
Pandoc (>= 1.12.3) not available. Falling back to R Markdown v1.
Quitting from lines 35-49 (hpackedbubble.Rmd)
Error: processing vignette 'hpackedbubble.Rmd' failed with diagnostics:
invalid 'path' argument
--- failed re-building ‘hpackedbubble.Rmd’
SUMMARY: processing the following file failed:
‘hpackedbubble.Rmd’
Error: Vignette re-building failed.
Execution halted
Flavors: r-release-macos-x86_64, r-oldrel-macos-x86_64