Last updated on 2022-04-24 03:52:28 CEST.
Flavor | Version | Tinstall | Tcheck | Ttotal | Status | Flags |
---|---|---|---|---|---|---|
r-devel-linux-x86_64-debian-clang | 0.5 | 4.31 | 48.27 | 52.58 | NOTE | |
r-devel-linux-x86_64-debian-gcc | 0.6-4 | 2.01 | 26.32 | 28.33 | OK | |
r-devel-linux-x86_64-fedora-clang | 0.6-4 | 45.47 | OK | |||
r-devel-linux-x86_64-fedora-gcc | 0.6-4 | 35.42 | OK | |||
r-patched-linux-x86_64 | 0.6-4 | 2.53 | 33.04 | 35.57 | OK | |
r-release-linux-x86_64 | 0.5 | 4.09 | 46.18 | 50.27 | NOTE | |
r-release-macos-arm64 | 0.5 | NOTE | ||||
r-release-macos-x86_64 | 0.5 | NOTE | ||||
r-release-windows-x86_64 | 0.5 | 11.00 | 68.00 | 79.00 | NOTE | |
r-oldrel-macos-arm64 | 0.5 | NOTE | ||||
r-oldrel-macos-x86_64 | 0.5 | NOTE | ||||
r-oldrel-windows-ix86+x86_64 | 0.6-4 | 10.00 | 59.00 | 69.00 | OK |
Version: 0.5
Check: R code for possible problems
Result: NOTE
ApproxC: no visible global function definition for 'convolve'
DMC: no visible global function definition for 'median'
DMC: no visible global function definition for 'ecdf'
ToSWF: no visible global function definition for 'write.table'
Undefined global functions or variables:
convolve ecdf median write.table
Consider adding
importFrom("stats", "convolve", "ecdf", "median")
importFrom("utils", "write.table")
to your NAMESPACE file.
Flavors: r-devel-linux-x86_64-debian-clang, r-release-linux-x86_64, r-release-macos-arm64, r-release-macos-x86_64, r-release-windows-x86_64, r-oldrel-macos-arm64, r-oldrel-macos-x86_64
Version: 0.5
Check: for non-standard things in the check directory
Result: NOTE
Found the following files/directories:
'output.swf'
Flavors: r-devel-linux-x86_64-debian-clang, r-release-linux-x86_64