Last updated on 2022-04-24 03:52:28 CEST.
Flavor | Version | Tinstall | Tcheck | Ttotal | Status | Flags |
---|---|---|---|---|---|---|
r-devel-linux-x86_64-debian-clang | 0.1-1 | 1.65 | 30.88 | 32.53 | NOTE | |
r-devel-linux-x86_64-debian-gcc | 0.1-1 | 1.37 | 24.31 | 25.68 | NOTE | |
r-devel-linux-x86_64-fedora-clang | 0.1-1 | 41.24 | NOTE | |||
r-devel-linux-x86_64-fedora-gcc | 0.1-1 | 29.71 | NOTE | |||
r-patched-linux-x86_64 | 0.1-1 | 1.76 | 29.92 | 31.68 | NOTE | |
r-release-linux-x86_64 | 0.1-1 | 1.84 | 29.50 | 31.34 | NOTE | |
r-release-macos-arm64 | 0.1-1 | NOTE | ||||
r-release-macos-x86_64 | 0.1-1 | NOTE | ||||
r-release-windows-x86_64 | 0.1-1 | 13.00 | 44.00 | 57.00 | NOTE | |
r-oldrel-macos-arm64 | 0.1-1 | NOTE | ||||
r-oldrel-macos-x86_64 | 0.1-1 | NOTE | ||||
r-oldrel-windows-ix86+x86_64 | 0.1-1 | 4.00 | 28.00 | 32.00 | NOTE |
Version: 0.1-1
Check: R code for possible problems
Result: NOTE
bracket: no visible global function definition for 'segments'
Undefined global functions or variables:
segments
Consider adding
importFrom("graphics", "segments")
to your NAMESPACE file.
Flavors: r-devel-linux-x86_64-debian-clang, r-devel-linux-x86_64-debian-gcc, r-devel-linux-x86_64-fedora-clang, r-devel-linux-x86_64-fedora-gcc, r-patched-linux-x86_64, r-release-linux-x86_64, r-release-macos-arm64, r-release-macos-x86_64, r-release-windows-x86_64, r-oldrel-macos-arm64, r-oldrel-macos-x86_64, r-oldrel-windows-ix86+x86_64