Last updated on 2022-04-24 03:52:28 CEST.
Flavor | Version | Tinstall | Tcheck | Ttotal | Status | Flags |
---|---|---|---|---|---|---|
r-devel-linux-x86_64-debian-clang | 1.0.1 | 41.10 | 44.04 | 85.14 | OK | |
r-devel-linux-x86_64-debian-gcc | 1.0.1 | 36.24 | 34.24 | 70.48 | OK | |
r-devel-linux-x86_64-fedora-clang | 1.0.1 | 125.00 | OK | |||
r-devel-linux-x86_64-fedora-gcc | 1.0.1 | 101.92 | OK | |||
r-patched-linux-x86_64 | 1.0.1 | 43.38 | 44.02 | 87.40 | OK | |
r-release-linux-x86_64 | 1.0.1 | 39.99 | 43.11 | 83.10 | OK | |
r-release-macos-arm64 | 1.0.1 | NOTE | ||||
r-release-macos-x86_64 | 1.0.1 | NOTE | ||||
r-release-windows-x86_64 | 1.0.1 | 47.00 | 83.00 | 130.00 | OK | |
r-oldrel-macos-arm64 | 1.0.1 | NOTE | ||||
r-oldrel-macos-x86_64 | 1.0.1 | NOTE | ||||
r-oldrel-windows-ix86+x86_64 | 1.0.1 | 100.00 | 77.00 | 177.00 | OK |
Version: 1.0.1
Check: installed package size
Result: NOTE
installed size is 6.2Mb
sub-directories of 1Mb or more:
libs 6.1Mb
Flavors: r-release-macos-arm64, r-release-macos-x86_64, r-oldrel-macos-arm64, r-oldrel-macos-x86_64