Last updated on 2022-04-24 03:52:28 CEST.
Flavor | Version | Tinstall | Tcheck | Ttotal | Status | Flags |
---|---|---|---|---|---|---|
r-devel-linux-x86_64-debian-clang | 1.0.4 | 108.05 | 577.24 | 685.29 | OK | |
r-devel-linux-x86_64-debian-gcc | 1.0.4 | 82.62 | 415.80 | 498.42 | OK | |
r-devel-linux-x86_64-fedora-clang | 1.0.4 | 845.58 | NOTE | |||
r-devel-linux-x86_64-fedora-gcc | 1.0.4 | 849.83 | OK | |||
r-patched-linux-x86_64 | 1.0.4 | 89.07 | 537.43 | 626.50 | OK | |
r-release-linux-x86_64 | 1.0.4 | 81.51 | 499.84 | 581.35 | OK | |
r-release-macos-arm64 | 1.0.4 | NOTE | ||||
r-release-macos-x86_64 | 1.0.4 | NOTE | ||||
r-release-windows-x86_64 | 1.0.4 | 161.00 | 614.00 | 775.00 | NOTE | |
r-oldrel-macos-arm64 | 1.0.4 | NOTE | ||||
r-oldrel-macos-x86_64 | 1.0.4 | NOTE | ||||
r-oldrel-windows-ix86+x86_64 | 1.0.4 | 190.00 | 786.00 | 976.00 | NOTE |
Version: 1.0.4
Check: installed package size
Result: NOTE
installed size is 6.2Mb
sub-directories of 1Mb or more:
R 2.1Mb
doc 2.5Mb
Flavors: r-devel-linux-x86_64-fedora-clang, r-release-macos-arm64, r-release-macos-x86_64, r-release-windows-x86_64, r-oldrel-macos-arm64, r-oldrel-macos-x86_64, r-oldrel-windows-ix86+x86_64