Last updated on 2022-04-24 03:52:28 CEST.
Flavor | Version | Tinstall | Tcheck | Ttotal | Status | Flags |
---|---|---|---|---|---|---|
r-devel-linux-x86_64-debian-clang | 1.0 | 2.18 | 36.62 | 38.80 | NOTE | |
r-devel-linux-x86_64-debian-gcc | 1.0 | 1.96 | 27.73 | 29.69 | NOTE | |
r-devel-linux-x86_64-fedora-clang | 1.0 | 48.66 | NOTE | |||
r-devel-linux-x86_64-fedora-gcc | 1.0 | 37.41 | NOTE | |||
r-patched-linux-x86_64 | 1.0 | 2.32 | 35.32 | 37.64 | NOTE | |
r-release-linux-x86_64 | 1.0 | 1.63 | 35.44 | 37.07 | NOTE | |
r-release-macos-arm64 | 1.0 | NOTE | ||||
r-release-macos-x86_64 | 1.0 | NOTE | ||||
r-release-windows-x86_64 | 1.0 | 14.00 | 56.00 | 70.00 | NOTE | |
r-oldrel-macos-arm64 | 1.0 | NOTE | ||||
r-oldrel-macos-x86_64 | 1.0 | NOTE | ||||
r-oldrel-windows-ix86+x86_64 | 1.0 | 5.00 | 34.00 | 39.00 | NOTE |
Version: 1.0
Check: R code for possible problems
Result: NOTE
hsicCCA: no visible global function definition for 'median'
hsicCCA: no visible global function definition for 'dist'
hsicCCAfunc: no visible global function definition for 'rnorm'
hsicCCAfunc: no visible global function definition for 'runif'
hsicCCAfunc: no visible global function definition for 'optim'
ktaCCA: no visible global function definition for 'median'
ktaCCA: no visible global function definition for 'dist'
ktaCCAfunc: no visible global function definition for 'rnorm'
ktaCCAfunc: no visible global function definition for 'runif'
ktaCCAfunc: no visible global function definition for 'optim'
Undefined global functions or variables:
dist median optim rnorm runif
Consider adding
importFrom("stats", "dist", "median", "optim", "rnorm", "runif")
to your NAMESPACE file.
Flavors: r-devel-linux-x86_64-debian-clang, r-devel-linux-x86_64-debian-gcc, r-devel-linux-x86_64-fedora-clang, r-devel-linux-x86_64-fedora-gcc, r-patched-linux-x86_64, r-release-linux-x86_64, r-release-macos-arm64, r-release-macos-x86_64, r-release-windows-x86_64, r-oldrel-macos-arm64, r-oldrel-macos-x86_64, r-oldrel-windows-ix86+x86_64
Version: 1.0
Check: Rd line widths
Result: NOTE
Rd file 'hsicCCA.Rd':
\usage lines wider than 90 characters:
hsicCCA(x, y, M, sigmax = NULL, sigmay = NULL, numrepeat = 5, numiter = 100, reltolstop = 1e-04)
Rd file 'ktaCCA.Rd':
\usage lines wider than 90 characters:
ktaCCA(x, y, M, sigmax = NULL, sigmay = NULL, numrepeat = 5, numiter = 100, reltolstop = 1e-04)
These lines will be truncated in the PDF manual.
Flavors: r-devel-linux-x86_64-debian-clang, r-devel-linux-x86_64-debian-gcc, r-devel-linux-x86_64-fedora-clang, r-devel-linux-x86_64-fedora-gcc, r-patched-linux-x86_64, r-release-linux-x86_64