Last updated on 2022-04-24 03:52:28 CEST.
Flavor | Version | Tinstall | Tcheck | Ttotal | Status | Flags |
---|---|---|---|---|---|---|
r-devel-linux-x86_64-debian-clang | 2.0.2 | 63.81 | 67.15 | 130.96 | OK | |
r-devel-linux-x86_64-debian-gcc | 2.0.2 | 52.58 | 50.33 | 102.91 | OK | |
r-devel-linux-x86_64-fedora-clang | 2.0.2 | 198.65 | NOTE | |||
r-devel-linux-x86_64-fedora-gcc | 2.0.2 | 162.36 | NOTE | |||
r-patched-linux-x86_64 | 2.0.2 | 50.56 | 65.47 | 116.03 | OK | |
r-release-linux-x86_64 | 2.0.2 | 54.00 | 64.44 | 118.44 | OK | |
r-release-macos-arm64 | 2.0.2 | OK | ||||
r-release-macos-x86_64 | 2.0.2 | OK | ||||
r-release-windows-x86_64 | 2.0.2 | 76.00 | 120.00 | 196.00 | OK | |
r-oldrel-macos-arm64 | 2.0.2 | OK | ||||
r-oldrel-macos-x86_64 | 2.0.2 | OK | ||||
r-oldrel-windows-ix86+x86_64 | 2.0.2 | 166.00 | 104.00 | 270.00 | OK |
Version: 2.0.2
Check: compiled code
Result: NOTE
File ‘hsphase/libs/hsphase.so’:
Found no calls to: ‘R_registerRoutines’, ‘R_useDynamicSymbols’
It is good practice to register native routines and to disable symbol
search.
See ‘Writing portable packages’ in the ‘Writing R Extensions’ manual.
Flavors: r-devel-linux-x86_64-fedora-clang, r-devel-linux-x86_64-fedora-gcc