Last updated on 2022-04-24 03:52:28 CEST.
Flavor | Version | Tinstall | Tcheck | Ttotal | Status | Flags |
---|---|---|---|---|---|---|
r-devel-linux-x86_64-debian-clang | 0.5.0 | 56.11 | 53.76 | 109.87 | NOTE | |
r-devel-linux-x86_64-debian-gcc | 0.5.0 | 44.32 | 40.65 | 84.97 | NOTE | |
r-devel-linux-x86_64-fedora-clang | 0.5.0 | 145.04 | NOTE | |||
r-devel-linux-x86_64-fedora-gcc | 0.5.0 | 120.11 | NOTE | |||
r-patched-linux-x86_64 | 0.5.0 | 46.92 | 51.06 | 97.98 | NOTE | |
r-release-linux-x86_64 | 0.5.0 | 40.16 | 48.80 | 88.96 | NOTE | |
r-release-macos-arm64 | 0.5.0 | NOTE | ||||
r-release-macos-x86_64 | 0.5.0 | NOTE | ||||
r-release-windows-x86_64 | 0.5.0 | 287.00 | 96.00 | 383.00 | NOTE | |
r-oldrel-macos-arm64 | 0.5.0 | NOTE | ||||
r-oldrel-macos-x86_64 | 0.5.0 | NOTE | ||||
r-oldrel-windows-ix86+x86_64 | 0.5.0 | 144.00 | 91.00 | 235.00 | NOTE |
Version: 0.5.0
Check: LazyData
Result: NOTE
'LazyData' is specified without a 'data' directory
Flavors: r-devel-linux-x86_64-debian-clang, r-devel-linux-x86_64-debian-gcc, r-devel-linux-x86_64-fedora-clang, r-devel-linux-x86_64-fedora-gcc, r-patched-linux-x86_64, r-release-linux-x86_64, r-release-macos-arm64, r-release-macos-x86_64, r-release-windows-x86_64, r-oldrel-macos-arm64, r-oldrel-macos-x86_64, r-oldrel-windows-ix86+x86_64
Version: 0.5.0
Check: installed package size
Result: NOTE
installed size is 5.1Mb
sub-directories of 1Mb or more:
htmlwidgets 1.8Mb
libs 3.1Mb
Flavor: r-oldrel-windows-ix86+x86_64