Last updated on 2022-04-24 03:52:28 CEST.
Flavor | Version | Tinstall | Tcheck | Ttotal | Status | Flags |
---|---|---|---|---|---|---|
r-devel-linux-x86_64-debian-clang | 0.0.10 | 2.09 | 30.49 | 32.58 | NOTE | |
r-devel-linux-x86_64-debian-gcc | 0.0.10 | 1.73 | 23.29 | 25.02 | NOTE | |
r-devel-linux-x86_64-fedora-clang | 0.0.10 | 38.94 | NOTE | |||
r-devel-linux-x86_64-fedora-gcc | 0.0.10 | 28.28 | NOTE | |||
r-patched-linux-x86_64 | 0.0.10 | 1.94 | 28.99 | 30.93 | NOTE | |
r-release-linux-x86_64 | 0.0.10 | 1.51 | 27.99 | 29.50 | NOTE | |
r-release-macos-arm64 | 0.0.10 | NOTE | ||||
r-release-macos-x86_64 | 0.0.10 | NOTE | ||||
r-release-windows-x86_64 | 0.0.10 | 16.00 | 42.00 | 58.00 | NOTE | |
r-oldrel-macos-arm64 | 0.0.10 | NOTE | ||||
r-oldrel-macos-x86_64 | 0.0.10 | NOTE | ||||
r-oldrel-windows-ix86+x86_64 | 0.0.10 | 4.00 | 26.00 | 30.00 | NOTE |
Version: 0.0.10
Check: R code for possible problems
Result: NOTE
getToHost: no visible global function definition for 'make.socket'
getToHost: no visible global function definition for 'write.socket'
getToHost: no visible global function definition for 'read.socket'
getToHost: no visible global function definition for 'close.socket'
postToHost: no visible global function definition for 'runif'
simplePostToHost: no visible global function definition for
'make.socket'
simplePostToHost: no visible global function definition for
'write.socket'
simplePostToHost: no visible global function definition for
'read.socket'
simplePostToHost: no visible global function definition for
'close.socket'
Undefined global functions or variables:
close.socket make.socket read.socket runif write.socket
Consider adding
importFrom("stats", "runif")
importFrom("utils", "close.socket", "make.socket", "read.socket",
"write.socket")
to your NAMESPACE file.
Flavors: r-devel-linux-x86_64-debian-clang, r-devel-linux-x86_64-debian-gcc, r-devel-linux-x86_64-fedora-clang, r-devel-linux-x86_64-fedora-gcc, r-patched-linux-x86_64, r-release-linux-x86_64, r-release-macos-arm64, r-release-macos-x86_64, r-release-windows-x86_64, r-oldrel-macos-arm64, r-oldrel-macos-x86_64, r-oldrel-windows-ix86+x86_64