Last updated on 2022-04-24 03:52:28 CEST.
Flavor | Version | Tinstall | Tcheck | Ttotal | Status | Flags |
---|---|---|---|---|---|---|
r-devel-linux-x86_64-debian-clang | 1.3.0 | 204.11 | 54.13 | 258.24 | OK | |
r-devel-linux-x86_64-debian-gcc | 1.3.0 | 180.10 | 41.22 | 221.32 | OK | |
r-devel-linux-x86_64-fedora-clang | 1.3.0 | 373.24 | NOTE | |||
r-devel-linux-x86_64-fedora-gcc | 1.3.0 | 364.57 | OK | |||
r-patched-linux-x86_64 | 1.3.0 | 194.87 | 52.11 | 246.98 | OK | |
r-release-linux-x86_64 | 1.3.0 | 185.44 | 52.83 | 238.27 | OK | |
r-release-macos-arm64 | 1.3.0 | NOTE | ||||
r-release-macos-x86_64 | 1.3.0 | NOTE | ||||
r-release-windows-x86_64 | 1.3.0 | 269.00 | 192.00 | 461.00 | NOTE | |
r-oldrel-macos-arm64 | 1.3.0 | NOTE | ||||
r-oldrel-macos-x86_64 | 1.3.0 | NOTE | ||||
r-oldrel-windows-ix86+x86_64 | 1.3.0 | 476.00 | 130.00 | 606.00 | NOTE |
Version: 1.3.0
Check: installed package size
Result: NOTE
installed size is 22.7Mb
sub-directories of 1Mb or more:
libs 22.0Mb
Flavors: r-devel-linux-x86_64-fedora-clang, r-release-macos-arm64, r-release-macos-x86_64, r-release-windows-x86_64, r-oldrel-macos-arm64, r-oldrel-macos-x86_64, r-oldrel-windows-ix86+x86_64