Last updated on 2022-04-24 03:52:28 CEST.
Flavor | Version | Tinstall | Tcheck | Ttotal | Status | Flags |
---|---|---|---|---|---|---|
r-devel-linux-x86_64-debian-clang | 1.6.5 | 232.06 | 52.21 | 284.27 | NOTE | |
r-devel-linux-x86_64-debian-gcc | 1.6.5 | 173.83 | 41.54 | 215.37 | NOTE | |
r-devel-linux-x86_64-fedora-clang | 1.6.5 | 422.72 | NOTE | |||
r-devel-linux-x86_64-fedora-gcc | 1.6.5 | 360.64 | NOTE | |||
r-patched-linux-x86_64 | 1.6.5 | 194.16 | 51.17 | 245.33 | NOTE | |
r-release-linux-x86_64 | 1.6.5 | 200.53 | 49.31 | 249.84 | NOTE | |
r-release-macos-arm64 | 1.6.5 | NOTE | ||||
r-release-macos-x86_64 | 1.6.5 | NOTE | ||||
r-release-windows-x86_64 | 1.6.5 | 276.00 | 110.00 | 386.00 | NOTE | |
r-oldrel-macos-arm64 | 1.6.5 | NOTE | ||||
r-oldrel-macos-x86_64 | 1.6.5 | NOTE | ||||
r-oldrel-windows-ix86+x86_64 | 1.6.5 | 545.00 | 96.00 | 641.00 | NOTE |
Version: 1.6.5
Check: for GNU extensions in Makefiles
Result: NOTE
GNU make is a SystemRequirements.
Flavors: r-devel-linux-x86_64-debian-clang, r-devel-linux-x86_64-debian-gcc, r-devel-linux-x86_64-fedora-clang, r-devel-linux-x86_64-fedora-gcc, r-patched-linux-x86_64, r-release-linux-x86_64, r-release-macos-arm64, r-release-macos-x86_64, r-release-windows-x86_64, r-oldrel-macos-arm64, r-oldrel-macos-x86_64, r-oldrel-windows-ix86+x86_64
Version: 1.6.5
Check: installed package size
Result: NOTE
installed size is 6.7Mb
sub-directories of 1Mb or more:
libs 6.3Mb
Flavors: r-devel-linux-x86_64-fedora-clang, r-release-macos-arm64, r-release-macos-x86_64, r-oldrel-macos-arm64, r-oldrel-macos-x86_64