Last updated on 2022-04-24 03:52:28 CEST.
Flavor | Version | Tinstall | Tcheck | Ttotal | Status | Flags |
---|---|---|---|---|---|---|
r-devel-linux-x86_64-debian-clang | 1.3.5 | 76.27 | 145.44 | 221.71 | OK | |
r-devel-linux-x86_64-debian-gcc | 1.3.5 | 60.88 | 116.27 | 177.15 | OK | |
r-devel-linux-x86_64-fedora-clang | 1.3.5 | 300.07 | NOTE | |||
r-devel-linux-x86_64-fedora-gcc | 1.3.5 | 263.53 | OK | |||
r-patched-linux-x86_64 | 1.3.5 | 70.12 | 140.49 | 210.61 | OK | |
r-release-linux-x86_64 | 1.3.5 | 68.62 | 135.66 | 204.28 | OK | |
r-release-macos-arm64 | 1.3.5 | NOTE | ||||
r-release-macos-x86_64 | 1.3.5 | NOTE | ||||
r-release-windows-x86_64 | 1.3.5 | 66.00 | 201.00 | 267.00 | OK | |
r-oldrel-macos-arm64 | 1.3.5 | NOTE | ||||
r-oldrel-macos-x86_64 | 1.3.5 | NOTE | ||||
r-oldrel-windows-ix86+x86_64 | 1.3.5 | 171.00 | 241.00 | 412.00 | OK |
Version: 1.3.5
Check: installed package size
Result: NOTE
installed size is 8.4Mb
sub-directories of 1Mb or more:
libs 6.9Mb
Flavors: r-devel-linux-x86_64-fedora-clang, r-release-macos-arm64, r-release-macos-x86_64, r-oldrel-macos-arm64, r-oldrel-macos-x86_64