Last updated on 2022-04-24 03:52:28 CEST.
Flavor | Version | Tinstall | Tcheck | Ttotal | Status | Flags |
---|---|---|---|---|---|---|
r-devel-linux-x86_64-debian-clang | 2.1.8 | 266.80 | 40.71 | 307.51 | NOTE | |
r-devel-linux-x86_64-debian-gcc | 2.1.8 | 75.85 | 31.67 | 107.52 | NOTE | |
r-devel-linux-x86_64-fedora-clang | 2.1.8 | 184.88 | NOTE | |||
r-devel-linux-x86_64-fedora-gcc | 2.1.8 | 159.54 | NOTE | |||
r-patched-linux-x86_64 | 2.1.8 | 75.13 | 39.91 | 115.04 | NOTE | |
r-release-linux-x86_64 | 2.1.8 | 78.84 | 38.42 | 117.26 | NOTE | |
r-release-macos-arm64 | 2.1.8 | NOTE | ||||
r-release-macos-x86_64 | 2.1.8 | NOTE | ||||
r-release-windows-x86_64 | 2.1.8 | 77.00 | 90.00 | 167.00 | NOTE | |
r-oldrel-macos-arm64 | 2.1.8 | NOTE | ||||
r-oldrel-macos-x86_64 | 2.1.8 | NOTE | ||||
r-oldrel-windows-ix86+x86_64 | 2.1.8 | 245.00 | 80.00 | 325.00 | NOTE |
Version: 2.1.8
Check: LazyData
Result: NOTE
'LazyData' is specified without a 'data' directory
Flavors: r-devel-linux-x86_64-debian-clang, r-devel-linux-x86_64-debian-gcc, r-devel-linux-x86_64-fedora-clang, r-devel-linux-x86_64-fedora-gcc, r-patched-linux-x86_64, r-release-linux-x86_64, r-release-macos-arm64, r-release-macos-x86_64, r-release-windows-x86_64, r-oldrel-macos-arm64, r-oldrel-macos-x86_64, r-oldrel-windows-ix86+x86_64
Version: 2.1.8
Check: installed package size
Result: NOTE
installed size is 5.8Mb
sub-directories of 1Mb or more:
libs 5.6Mb
Flavors: r-devel-linux-x86_64-fedora-clang, r-release-macos-arm64, r-release-macos-x86_64, r-oldrel-macos-arm64, r-oldrel-macos-x86_64