Last updated on 2022-04-24 03:52:28 CEST.
Flavor | Version | Tinstall | Tcheck | Ttotal | Status | Flags |
---|---|---|---|---|---|---|
r-devel-linux-x86_64-debian-clang | 3.0.1 | 64.99 | 56.17 | 121.16 | OK | |
r-devel-linux-x86_64-debian-gcc | 3.0.1 | 53.87 | 47.96 | 101.83 | OK | |
r-devel-linux-x86_64-fedora-clang | 3.0.1 | 194.68 | NOTE | |||
r-devel-linux-x86_64-fedora-gcc | 3.0.1 | 154.15 | OK | |||
r-patched-linux-x86_64 | 3.0.1 | 59.40 | 60.96 | 120.36 | OK | |
r-release-linux-x86_64 | 3.0.1 | 56.29 | 59.67 | 115.96 | OK | |
r-release-macos-arm64 | 3.0.1 | NOTE | ||||
r-release-macos-x86_64 | 3.0.1 | NOTE | ||||
r-release-windows-x86_64 | 3.0.1 | 69.00 | 119.00 | 188.00 | OK | |
r-oldrel-macos-arm64 | 3.0.1 | NOTE | ||||
r-oldrel-macos-x86_64 | 3.0.1 | NOTE | ||||
r-oldrel-windows-ix86+x86_64 | 3.0.1 | 150.00 | 124.00 | 274.00 | NOTE |
Version: 3.0.1
Check: installed package size
Result: NOTE
installed size is 6.5Mb
sub-directories of 1Mb or more:
dict 1.5Mb
doc 1.2Mb
libs 3.7Mb
Flavors: r-devel-linux-x86_64-fedora-clang, r-release-macos-arm64, r-release-macos-x86_64, r-oldrel-macos-arm64, r-oldrel-macos-x86_64, r-oldrel-windows-ix86+x86_64