Last updated on 2022-04-24 03:52:28 CEST.
Flavor | Version | Tinstall | Tcheck | Ttotal | Status | Flags |
---|---|---|---|---|---|---|
r-devel-linux-x86_64-debian-clang | 0.1 | 2.91 | 36.79 | 39.70 | NOTE | |
r-devel-linux-x86_64-debian-gcc | 0.1 | 2.62 | 27.85 | 30.47 | NOTE | |
r-devel-linux-x86_64-fedora-clang | 0.1 | 48.96 | NOTE | |||
r-devel-linux-x86_64-fedora-gcc | 0.1 | 37.63 | NOTE | |||
r-patched-linux-x86_64 | 0.1 | 4.25 | 34.90 | 39.15 | NOTE | |
r-release-linux-x86_64 | 0.1 | 3.38 | 34.91 | 38.29 | NOTE | |
r-release-macos-arm64 | 0.1 | NOTE | ||||
r-release-macos-x86_64 | 0.1 | NOTE | ||||
r-release-windows-x86_64 | 0.1 | 17.00 | 48.00 | 65.00 | NOTE | |
r-oldrel-macos-arm64 | 0.1 | NOTE | ||||
r-oldrel-macos-x86_64 | 0.1 | NOTE | ||||
r-oldrel-windows-ix86+x86_64 | 0.1 | 7.00 | 30.00 | 37.00 | NOTE |
Version: 0.1
Check: LazyData
Result: NOTE
'LazyData' is specified without a 'data' directory
Flavors: r-devel-linux-x86_64-debian-clang, r-devel-linux-x86_64-debian-gcc, r-devel-linux-x86_64-fedora-clang, r-devel-linux-x86_64-fedora-gcc, r-patched-linux-x86_64, r-release-linux-x86_64, r-release-macos-arm64, r-release-macos-x86_64, r-release-windows-x86_64, r-oldrel-macos-arm64, r-oldrel-macos-x86_64, r-oldrel-windows-ix86+x86_64