Last updated on 2022-04-24 03:52:28 CEST.
Flavor | Version | Tinstall | Tcheck | Ttotal | Status | Flags |
---|---|---|---|---|---|---|
r-devel-linux-x86_64-debian-clang | 1.8.1 | 5.17 | 120.40 | 125.57 | OK | |
r-devel-linux-x86_64-debian-gcc | 1.8.1 | 4.51 | 89.65 | 94.16 | OK | |
r-devel-linux-x86_64-fedora-clang | 1.8.1 | 147.31 | OK | |||
r-devel-linux-x86_64-fedora-gcc | 1.8.1 | 130.17 | OK | |||
r-patched-linux-x86_64 | 1.8.1 | 5.40 | 108.56 | 113.96 | OK | |
r-release-linux-x86_64 | 1.8.1 | 5.70 | 106.85 | 112.55 | OK | |
r-release-macos-arm64 | 1.8.1 | OK | ||||
r-release-macos-x86_64 | 1.8.1 | WARN | ||||
r-release-windows-x86_64 | 1.8.1 | 75.00 | 153.00 | 228.00 | OK | |
r-oldrel-macos-arm64 | 1.8.1 | OK | ||||
r-oldrel-macos-x86_64 | 1.8.1 | WARN | ||||
r-oldrel-windows-ix86+x86_64 | 1.8.1 | 11.00 | 130.00 | 141.00 | OK |
Version: 1.8.1
Check: dependencies in R code
Result: WARN
Missing or unexported object: ‘hutilscpp::allNA’
Flavors: r-release-macos-x86_64, r-oldrel-macos-x86_64