Last updated on 2022-04-24 03:52:28 CEST.
Flavor | Version | Tinstall | Tcheck | Ttotal | Status | Flags |
---|---|---|---|---|---|---|
r-devel-linux-x86_64-debian-clang | 5.4.0 | 14.45 | 209.18 | 223.63 | OK | |
r-devel-linux-x86_64-debian-gcc | 5.4.0 | 14.75 | 149.56 | 164.31 | OK | |
r-devel-linux-x86_64-fedora-clang | 5.4.0 | 272.52 | NOTE | |||
r-devel-linux-x86_64-fedora-gcc | 5.4.0 | 269.20 | NOTE | |||
r-patched-linux-x86_64 | 5.4.0 | 19.42 | 194.16 | 213.58 | OK | |
r-release-linux-x86_64 | 5.4.0 | 15.19 | 193.93 | 209.12 | OK | |
r-release-macos-arm64 | 5.4.0 | NOTE | ||||
r-release-macos-x86_64 | 5.4.0 | NOTE | ||||
r-release-windows-x86_64 | 5.4.0 | 180.00 | 267.00 | 447.00 | OK | |
r-oldrel-macos-arm64 | 5.4.0 | NOTE | ||||
r-oldrel-macos-x86_64 | 5.4.0 | NOTE | ||||
r-oldrel-windows-ix86+x86_64 | 5.4.0 | 31.00 | 242.00 | 273.00 | OK |
Version: 5.4.0
Check: dependencies in R code
Result: NOTE
Namespaces in Imports field not imported from:
‘R6’ ‘xml2’
All declared Imports should be used.
Flavors: r-devel-linux-x86_64-fedora-clang, r-devel-linux-x86_64-fedora-gcc, r-release-macos-arm64, r-release-macos-x86_64, r-oldrel-macos-arm64, r-oldrel-macos-x86_64