Last updated on 2022-04-24 03:52:28 CEST.
Flavor | Version | Tinstall | Tcheck | Ttotal | Status | Flags |
---|---|---|---|---|---|---|
r-devel-linux-x86_64-debian-clang | 0.1.0 | 3.43 | 39.97 | 43.40 | NOTE | |
r-devel-linux-x86_64-debian-gcc | 0.1.0 | 2.19 | 30.13 | 32.32 | NOTE | |
r-devel-linux-x86_64-fedora-clang | 0.1.0 | 52.27 | NOTE | |||
r-devel-linux-x86_64-fedora-gcc | 0.1.0 | 40.59 | NOTE | |||
r-patched-linux-x86_64 | 0.1.0 | 2.20 | 37.45 | 39.65 | NOTE | |
r-release-linux-x86_64 | 0.1.0 | 1.92 | 37.12 | 39.04 | NOTE | |
r-release-macos-arm64 | 0.1.0 | NOTE | ||||
r-release-macos-x86_64 | 0.1.0 | WARN | ||||
r-release-windows-x86_64 | 0.1.0 | 22.00 | 63.00 | 85.00 | NOTE | |
r-oldrel-macos-arm64 | 0.1.0 | NOTE | ||||
r-oldrel-macos-x86_64 | 0.1.0 | WARN | ||||
r-oldrel-windows-ix86+x86_64 | 0.1.0 | 8.00 | 48.00 | 56.00 | NOTE |
Version: 0.1.0
Check: LazyData
Result: NOTE
'LazyData' is specified without a 'data' directory
Flavors: r-devel-linux-x86_64-debian-clang, r-devel-linux-x86_64-debian-gcc, r-devel-linux-x86_64-fedora-clang, r-devel-linux-x86_64-fedora-gcc, r-patched-linux-x86_64, r-release-linux-x86_64, r-release-macos-arm64, r-release-macos-x86_64, r-release-windows-x86_64, r-oldrel-macos-arm64, r-oldrel-macos-x86_64, r-oldrel-windows-ix86+x86_64
Version: 0.1.0
Check: dependencies in R code
Result: NOTE
Namespaces in Imports field not imported from:
‘colourpicker’ ‘shiny’ ‘wordcloud2’
All declared Imports should be used.
Flavors: r-devel-linux-x86_64-fedora-clang, r-devel-linux-x86_64-fedora-gcc, r-release-macos-arm64, r-release-macos-x86_64, r-oldrel-macos-arm64, r-oldrel-macos-x86_64
Version: 0.1.0
Check: re-building of vignette outputs
Result: WARN
Error(s) in re-building vignettes:
...
--- re-building ‘hwordcloud.Rmd’ using rmarkdown
Warning in engine$weave(file, quiet = quiet, encoding = enc) :
Pandoc (>= 1.12.3) not available. Falling back to R Markdown v1.
Quitting from lines 48-53 (hwordcloud.Rmd)
Error: processing vignette 'hwordcloud.Rmd' failed with diagnostics:
invalid 'path' argument
--- failed re-building ‘hwordcloud.Rmd’
SUMMARY: processing the following file failed:
‘hwordcloud.Rmd’
Error: Vignette re-building failed.
Execution halted
Flavors: r-release-macos-x86_64, r-oldrel-macos-x86_64