Last updated on 2022-04-24 03:52:28 CEST.
Flavor | Version | Tinstall | Tcheck | Ttotal | Status | Flags |
---|---|---|---|---|---|---|
r-devel-linux-x86_64-debian-clang | 1.0 | 1.81 | 60.91 | 62.72 | OK | |
r-devel-linux-x86_64-debian-gcc | 1.0 | 1.65 | 44.92 | 46.57 | OK | |
r-devel-linux-x86_64-fedora-clang | 1.0 | 74.06 | NOTE | |||
r-devel-linux-x86_64-fedora-gcc | 1.0 | 61.58 | NOTE | |||
r-patched-linux-x86_64 | 1.0 | 2.31 | 56.18 | 58.49 | OK | |
r-release-linux-x86_64 | 1.0 | 1.95 | 53.04 | 54.99 | OK | |
r-release-macos-arm64 | 1.0 | NOTE | ||||
r-release-macos-x86_64 | 1.0 | NOTE | ||||
r-release-windows-x86_64 | 1.0 | 12.00 | 80.00 | 92.00 | OK | |
r-oldrel-macos-arm64 | 1.0 | NOTE | ||||
r-oldrel-macos-x86_64 | 1.0 | NOTE | ||||
r-oldrel-windows-ix86+x86_64 | 1.0 | 6.00 | 66.00 | 72.00 | OK |
Version: 1.0
Check: data for non-ASCII characters
Result: NOTE
Note: found 1 marked UTF-8 string
Flavors: r-devel-linux-x86_64-fedora-clang, r-devel-linux-x86_64-fedora-gcc, r-release-macos-arm64, r-release-macos-x86_64, r-oldrel-macos-arm64, r-oldrel-macos-x86_64