Last updated on 2022-04-24 03:52:28 CEST.
Flavor | Version | Tinstall | Tcheck | Ttotal | Status | Flags |
---|---|---|---|---|---|---|
r-devel-linux-x86_64-debian-clang | 0.1-1 | 2.14 | 33.49 | 35.63 | NOTE | |
r-devel-linux-x86_64-debian-gcc | 0.1-1 | 2.23 | 25.90 | 28.13 | NOTE | |
r-devel-linux-x86_64-fedora-clang | 0.1-1 | 45.03 | NOTE | |||
r-devel-linux-x86_64-fedora-gcc | 0.1-1 | 33.28 | NOTE | |||
r-patched-linux-x86_64 | 0.1-1 | 3.07 | 32.48 | 35.55 | NOTE | |
r-release-linux-x86_64 | 0.1-1 | 2.73 | 31.94 | 34.67 | NOTE | |
r-release-macos-arm64 | 0.1-1 | NOTE | ||||
r-release-macos-x86_64 | 0.1-1 | NOTE | ||||
r-release-windows-x86_64 | 0.1-1 | 16.00 | 50.00 | 66.00 | NOTE | |
r-oldrel-macos-arm64 | 0.1-1 | NOTE | ||||
r-oldrel-macos-x86_64 | 0.1-1 | NOTE | ||||
r-oldrel-windows-ix86+x86_64 | 0.1-1 | 5.00 | 34.00 | 39.00 | NOTE |
Version: 0.1-1
Check: R code for possible problems
Result: NOTE
ARPIEM2012.Lmom.sample: no visible global function definition for 'var'
ARPIEM2012.freq: no visible binding for global variable 'quantile'
ARPIEM2012.sim.Lmoments : ARPIEM2012.sim.Qind_camp: no visible global
function definition for 'rnorm'
ARPIEM2012.sim.Lmoments : ARPIEM2012.sim.Qind_reg_moltiplicativo: no
visible global function definition for 'rnorm'
ARPIEM2012.sim.Lmoments : ARPIEM2012.sim.LCV_camp.LCA_camp: no visible
global function definition for 'rnorm'
ARPIEM2012.sim.Lmoments : ARPIEM2012.sim.LCV_camp.LCA_reg_additivo: no
visible global function definition for 'rnorm'
ARPIEM2012.sim.Lmoments :
ARPIEM2012.sim.LCV_reg_moltiplicativo.LCA_reg_additivo: no visible
global function definition for 'rnorm'
Undefined global functions or variables:
quantile rnorm var
Consider adding
importFrom("stats", "quantile", "rnorm", "var")
to your NAMESPACE file.
Flavors: r-devel-linux-x86_64-debian-clang, r-devel-linux-x86_64-debian-gcc, r-devel-linux-x86_64-fedora-clang, r-devel-linux-x86_64-fedora-gcc, r-patched-linux-x86_64, r-release-linux-x86_64, r-release-macos-arm64, r-release-macos-x86_64, r-release-windows-x86_64, r-oldrel-macos-arm64, r-oldrel-macos-x86_64, r-oldrel-windows-ix86+x86_64