Last updated on 2022-04-24 03:52:28 CEST.
Flavor | Version | Tinstall | Tcheck | Ttotal | Status | Flags |
---|---|---|---|---|---|---|
r-devel-linux-x86_64-debian-clang | 0.6-0 | 16.45 | 154.55 | 171.00 | OK | |
r-devel-linux-x86_64-debian-gcc | 0.6-0 | 9.56 | 113.85 | 123.41 | OK | |
r-devel-linux-x86_64-fedora-clang | 0.6-0 | 210.36 | NOTE | |||
r-devel-linux-x86_64-fedora-gcc | 0.6-0 | 182.90 | OK | |||
r-patched-linux-x86_64 | 0.6-0 | 13.02 | 145.27 | 158.29 | OK | |
r-release-linux-x86_64 | 0.6-0 | 10.98 | 126.00 | 136.98 | OK | |
r-release-macos-arm64 | 0.6-0 | OK | ||||
r-release-macos-x86_64 | 0.6-0 | OK | ||||
r-release-windows-x86_64 | 0.6-0 | 52.00 | 246.00 | 298.00 | OK | |
r-oldrel-macos-arm64 | 0.6-0 | OK | ||||
r-oldrel-macos-x86_64 | 0.6-0 | OK | ||||
r-oldrel-windows-ix86+x86_64 | 0.6-0 | 40.00 | 209.00 | 249.00 | OK |
Version: 0.6-0
Check: Rd cross-references
Result: NOTE
Undeclared package ‘rgdal’ in Rd xrefs
Flavor: r-devel-linux-x86_64-fedora-clang