Last updated on 2022-04-24 03:52:28 CEST.
Flavor | Version | Tinstall | Tcheck | Ttotal | Status | Flags |
---|---|---|---|---|---|---|
r-devel-linux-x86_64-debian-clang | 1.4.1 | 2.17 | 50.04 | 52.21 | OK | |
r-devel-linux-x86_64-debian-gcc | 1.4.1 | 2.39 | 37.29 | 39.68 | OK | |
r-devel-linux-x86_64-fedora-clang | 1.4.1 | 62.52 | NOTE | |||
r-devel-linux-x86_64-fedora-gcc | 1.4.1 | 50.68 | NOTE | |||
r-patched-linux-x86_64 | 1.4.1 | 2.56 | 46.22 | 48.78 | OK | |
r-release-linux-x86_64 | 1.4.1 | 2.93 | 46.57 | 49.50 | OK | |
r-release-macos-arm64 | 1.4.1 | NOTE | ||||
r-release-macos-x86_64 | 1.4.1 | NOTE | ||||
r-release-windows-x86_64 | 1.4.1 | 36.00 | 70.00 | 106.00 | OK | |
r-oldrel-macos-arm64 | 1.4.1 | NOTE | ||||
r-oldrel-macos-x86_64 | 1.4.1 | NOTE | ||||
r-oldrel-windows-ix86+x86_64 | 1.4.1 | 6.00 | 57.00 | 63.00 | OK |
Version: 1.4.1
Check: data for non-ASCII characters
Result: NOTE
Note: found 3026 marked UTF-8 strings
Flavors: r-devel-linux-x86_64-fedora-clang, r-devel-linux-x86_64-fedora-gcc, r-release-macos-arm64, r-release-macos-x86_64, r-oldrel-macos-arm64, r-oldrel-macos-x86_64