Last updated on 2022-04-24 03:52:28 CEST.
Flavor | Version | Tinstall | Tcheck | Ttotal | Status | Flags |
---|---|---|---|---|---|---|
r-devel-linux-x86_64-debian-clang | 0.2.8 | 3.59 | 47.48 | 51.07 | NOTE | |
r-devel-linux-x86_64-debian-gcc | 0.2.8 | 2.54 | 35.73 | 38.27 | NOTE | |
r-devel-linux-x86_64-fedora-clang | 0.2.8 | 64.88 | NOTE | |||
r-devel-linux-x86_64-fedora-gcc | 0.2.8 | 51.08 | NOTE | |||
r-patched-linux-x86_64 | 0.2.8 | 4.40 | 45.49 | 49.89 | OK | |
r-release-linux-x86_64 | 0.2.8 | 3.24 | 44.68 | 47.92 | OK | |
r-release-macos-arm64 | 0.2.8 | OK | ||||
r-release-macos-x86_64 | 0.2.8 | OK | ||||
r-release-windows-x86_64 | 0.2.8 | 36.00 | 70.00 | 106.00 | OK | |
r-oldrel-macos-arm64 | 0.2.8 | OK | ||||
r-oldrel-macos-x86_64 | 0.2.8 | OK | ||||
r-oldrel-windows-ix86+x86_64 | 0.2.8 | 7.00 | 67.00 | 74.00 | OK |
Version: 0.2.8
Check: Rd files
Result: NOTE
checkRd: (7) file 'baseflows.Rd': \item in \value must have non-empty label
Flavors: r-devel-linux-x86_64-debian-clang, r-devel-linux-x86_64-debian-gcc, r-devel-linux-x86_64-fedora-clang, r-devel-linux-x86_64-fedora-gcc