Last updated on 2022-04-24 03:52:28 CEST.
Flavor | Version | Tinstall | Tcheck | Ttotal | Status | Flags |
---|---|---|---|---|---|---|
r-devel-linux-x86_64-debian-clang | 1.0 | 27.31 | 300.69 | 328.00 | OK | |
r-devel-linux-x86_64-debian-gcc | 1.0 | 22.22 | 212.28 | 234.50 | OK | |
r-devel-linux-x86_64-fedora-clang | 1.0 | 381.61 | NOTE | |||
r-devel-linux-x86_64-fedora-gcc | 1.0 | 356.38 | OK | |||
r-patched-linux-x86_64 | 1.0 | 29.61 | 275.33 | 304.94 | OK | |
r-release-linux-x86_64 | 1.0 | 24.65 | 255.35 | 280.00 | OK | |
r-release-macos-arm64 | 1.0 | NOTE | ||||
r-release-macos-x86_64 | 1.0 | NOTE | ||||
r-release-windows-x86_64 | 1.0 | 44.00 | 274.00 | 318.00 | NOTE | |
r-oldrel-macos-arm64 | 1.0 | NOTE | ||||
r-oldrel-macos-x86_64 | 1.0 | NOTE | ||||
r-oldrel-windows-ix86+x86_64 | 1.0 | 65.00 | 276.00 | 341.00 | NOTE |
Version: 1.0
Check: installed package size
Result: NOTE
installed size is 6.3Mb
sub-directories of 1Mb or more:
exdata 6.1Mb
Flavors: r-devel-linux-x86_64-fedora-clang, r-release-macos-arm64, r-release-macos-x86_64, r-release-windows-x86_64, r-oldrel-macos-arm64, r-oldrel-macos-x86_64, r-oldrel-windows-ix86+x86_64