Last updated on 2022-04-24 03:52:28 CEST.
Flavor | Version | Tinstall | Tcheck | Ttotal | Status | Flags |
---|---|---|---|---|---|---|
r-devel-linux-x86_64-debian-clang | 1.1.1 | 7.88 | 87.33 | 95.21 | NOTE | |
r-devel-linux-x86_64-debian-gcc | 1.1.1 | 5.52 | 63.84 | 69.36 | NOTE | |
r-devel-linux-x86_64-fedora-clang | 1.1.1 | 110.48 | NOTE | |||
r-devel-linux-x86_64-fedora-gcc | 1.1.1 | 95.37 | NOTE | |||
r-patched-linux-x86_64 | 1.1.1 | 6.08 | 81.38 | 87.46 | NOTE | |
r-release-linux-x86_64 | 1.1.1 | 6.96 | 78.18 | 85.14 | NOTE | |
r-release-macos-arm64 | 1.1.1 | NOTE | ||||
r-release-macos-x86_64 | 1.1.1 | NOTE | ||||
r-release-windows-x86_64 | 1.1.1 | 26.00 | 107.00 | 133.00 | NOTE | |
r-oldrel-macos-arm64 | 1.1.1 | NOTE | ||||
r-oldrel-macos-x86_64 | 1.1.1 | NOTE | ||||
r-oldrel-windows-ix86+x86_64 | 1.1.1 | 16.00 | 90.00 | 106.00 | NOTE |
Version: 1.1.1
Check: package dependencies
Result: NOTE
Package suggested but not available for checking: 'webshot2'
Flavors: r-devel-linux-x86_64-debian-clang, r-devel-linux-x86_64-debian-gcc, r-devel-linux-x86_64-fedora-clang, r-devel-linux-x86_64-fedora-gcc, r-patched-linux-x86_64, r-release-linux-x86_64, r-release-macos-arm64, r-release-macos-x86_64, r-release-windows-x86_64, r-oldrel-macos-arm64, r-oldrel-macos-x86_64, r-oldrel-windows-ix86+x86_64
Version: 1.1.1
Check: installed package size
Result: NOTE
installed size is 6.5Mb
sub-directories of 1Mb or more:
doc 6.3Mb
Flavors: r-devel-linux-x86_64-fedora-clang, r-release-macos-arm64, r-release-macos-x86_64, r-release-windows-x86_64, r-oldrel-macos-arm64, r-oldrel-macos-x86_64, r-oldrel-windows-ix86+x86_64