Last updated on 2022-04-24 03:52:28 CEST.
Flavor | Version | Tinstall | Tcheck | Ttotal | Status | Flags |
---|---|---|---|---|---|---|
r-devel-linux-x86_64-debian-clang | 1.0 | 2.57 | 33.33 | 35.90 | WARN | |
r-devel-linux-x86_64-debian-gcc | 1.0 | 1.88 | 25.11 | 26.99 | WARN | |
r-devel-linux-x86_64-fedora-clang | 1.0 | 45.08 | WARN | |||
r-devel-linux-x86_64-fedora-gcc | 1.0 | 31.89 | WARN | |||
r-patched-linux-x86_64 | 1.0 | 1.93 | 31.53 | 33.46 | NOTE | |
r-release-linux-x86_64 | 1.0 | 2.49 | 30.66 | 33.15 | NOTE | |
r-release-macos-arm64 | 1.0 | NOTE | ||||
r-release-macos-x86_64 | 1.0 | NOTE | ||||
r-release-windows-x86_64 | 1.0 | 24.00 | 52.00 | 76.00 | NOTE | |
r-oldrel-macos-arm64 | 1.0 | NOTE | ||||
r-oldrel-macos-x86_64 | 1.0 | NOTE | ||||
r-oldrel-windows-ix86+x86_64 | 1.0 | 5.00 | 27.00 | 32.00 | NOTE |
Version: 1.0
Check: R code for possible problems
Result: NOTE
conint: no visible global function definition for 'sd'
findroot: no visible global function definition for 'integrate'
hypothesis: no visible global function definition for 'sd'
hypothesis: no visible global function definition for 'integrate'
Undefined global functions or variables:
integrate sd
Consider adding
importFrom("stats", "integrate", "sd")
to your NAMESPACE file.
Flavors: r-devel-linux-x86_64-debian-clang, r-devel-linux-x86_64-debian-gcc, r-devel-linux-x86_64-fedora-clang, r-devel-linux-x86_64-fedora-gcc, r-patched-linux-x86_64, r-release-linux-x86_64, r-release-macos-arm64, r-release-macos-x86_64, r-release-windows-x86_64, r-oldrel-macos-arm64, r-oldrel-macos-x86_64, r-oldrel-windows-ix86+x86_64
Version: 1.0
Check: Rd files
Result: WARN
checkRd: (7) conint.Rd:29: invalid email address: (478996606@qq.com)
checkRd: (7) findroot.Rd:41: invalid email address: (478996606@qq.com)
checkRd: (7) hypothesis.Rd:66: invalid email address: (478996606@qq.com)
Flavors: r-devel-linux-x86_64-debian-clang, r-devel-linux-x86_64-debian-gcc, r-devel-linux-x86_64-fedora-clang, r-devel-linux-x86_64-fedora-gcc
Version: 1.0
Check: Rd line widths
Result: NOTE
Rd file 'conint.Rd':
\usage lines wider than 90 characters:
conint(TrnX = NULL, TrnY = NULL, m, n1, n2, s1, s2, side = "both", alpha = 0.95, method = "n")
Rd file 'hypothesis-package.Rd':
\examples lines wider than 100 characters:
hypothesis(TrnX=c(3,4,5),TrnY=c(4,5,6),m,u0=4,3,3,s1=NULL,s2=NULL,sigma1=NULL,sigma2=NULL,alpha=0.05,method="n",H0="u=u0",p)
Rd file 'hypothesis.Rd':
\usage lines wider than 90 characters:
hypothesis(TrnX = NULL, TrnY = NULL, m, u0, n1, n2, s1 = NULL, s2 = NULL, sigma1 = NULL, sigma2 = NULL, alpha = 0.05, method = "n", H0 ... [TRUNCATED]
\examples lines wider than 100 characters:
hypothesis(TrnX=c(3,4,5),TrnY=c(4,5,6),m,u0=4,3,3,s1=NULL,s2=NULL,sigma1=NULL,sigma2=NULL,alpha=0.05,method="n",H0="u=u0",p)
These lines will be truncated in the PDF manual.
Flavors: r-devel-linux-x86_64-debian-clang, r-devel-linux-x86_64-debian-gcc, r-devel-linux-x86_64-fedora-clang, r-devel-linux-x86_64-fedora-gcc, r-patched-linux-x86_64, r-release-linux-x86_64