Last updated on 2022-04-24 03:52:28 CEST.
Flavor | Version | Tinstall | Tcheck | Ttotal | Status | Flags |
---|---|---|---|---|---|---|
r-devel-linux-x86_64-debian-clang | 0.1.1 | 2.34 | 37.69 | 40.03 | NOTE | |
r-devel-linux-x86_64-debian-gcc | 0.1.1 | 1.91 | 28.81 | 30.72 | NOTE | |
r-devel-linux-x86_64-fedora-clang | 0.1.1 | 47.80 | NOTE | |||
r-devel-linux-x86_64-fedora-gcc | 0.1.1 | 36.45 | NOTE | |||
r-patched-linux-x86_64 | 0.1.1 | 1.98 | 35.39 | 37.37 | NOTE | |
r-release-linux-x86_64 | 0.1.1 | 2.24 | 34.37 | 36.61 | NOTE | |
r-release-macos-arm64 | 0.1.1 | NOTE | ||||
r-release-macos-x86_64 | 0.1.1 | NOTE | ||||
r-release-windows-x86_64 | 0.1.1 | 24.00 | 57.00 | 81.00 | NOTE | |
r-oldrel-macos-arm64 | 0.1.1 | NOTE | ||||
r-oldrel-macos-x86_64 | 0.1.1 | NOTE | ||||
r-oldrel-windows-ix86+x86_64 | 0.1.1 | 6.00 | 43.00 | 49.00 | NOTE |
Version: 0.1.1
Check: LazyData
Result: NOTE
'LazyData' is specified without a 'data' directory
Flavors: r-devel-linux-x86_64-debian-clang, r-devel-linux-x86_64-debian-gcc, r-devel-linux-x86_64-fedora-clang, r-devel-linux-x86_64-fedora-gcc, r-patched-linux-x86_64, r-release-linux-x86_64, r-release-macos-arm64, r-release-macos-x86_64, r-release-windows-x86_64, r-oldrel-macos-arm64, r-oldrel-macos-x86_64, r-oldrel-windows-ix86+x86_64