Last updated on 2022-04-24 03:52:28 CEST.
Flavor | Version | Tinstall | Tcheck | Ttotal | Status | Flags |
---|---|---|---|---|---|---|
r-devel-linux-x86_64-debian-clang | 1.0.1 | 214.36 | 82.57 | 296.93 | OK | |
r-devel-linux-x86_64-debian-gcc | 1.0.1 | 173.50 | 60.25 | 233.75 | OK | |
r-devel-linux-x86_64-fedora-clang | 1.0.1 | 459.97 | NOTE | |||
r-devel-linux-x86_64-fedora-gcc | 1.0.1 | 395.08 | OK | |||
r-patched-linux-x86_64 | 1.0.1 | 184.17 | 75.42 | 259.59 | OK | |
r-release-linux-x86_64 | 1.0.1 | 182.91 | 71.69 | 254.60 | OK | |
r-release-macos-arm64 | 1.0.1 | NOTE | ||||
r-release-macos-x86_64 | 1.0.1 | NOTE | ||||
r-release-windows-x86_64 | 1.0.1 | 148.00 | 138.00 | 286.00 | OK | |
r-oldrel-macos-arm64 | 1.0.1 | NOTE | ||||
r-oldrel-macos-x86_64 | 1.0.1 | NOTE | ||||
r-oldrel-windows-ix86+x86_64 | 1.0.1 | 507.00 | 139.00 | 646.00 | OK |
Version: 1.0.1
Check: installed package size
Result: NOTE
installed size is 6.3Mb
sub-directories of 1Mb or more:
libs 6.0Mb
Flavors: r-devel-linux-x86_64-fedora-clang, r-release-macos-arm64, r-release-macos-x86_64, r-oldrel-macos-arm64, r-oldrel-macos-x86_64