Last updated on 2022-04-24 03:52:28 CEST.
Flavor | Version | Tinstall | Tcheck | Ttotal | Status | Flags |
---|---|---|---|---|---|---|
r-devel-linux-x86_64-debian-clang | 2.0.1 | 6.71 | 314.23 | 320.94 | OK | |
r-devel-linux-x86_64-debian-gcc | 2.0.1 | 4.31 | 223.70 | 228.01 | OK | |
r-devel-linux-x86_64-fedora-clang | 2.0.1 | 376.94 | OK | |||
r-devel-linux-x86_64-fedora-gcc | 2.0.1 | 352.72 | OK | |||
r-patched-linux-x86_64 | 2.0.1 | 4.99 | 290.97 | 295.96 | OK | |
r-release-linux-x86_64 | 2.0.1 | 5.96 | 291.07 | 297.03 | OK | |
r-release-macos-arm64 | 2.0.1 | OK | ||||
r-release-macos-x86_64 | 2.0.1 | WARN | ||||
r-release-windows-x86_64 | 2.0.1 | 25.00 | 358.00 | 383.00 | OK | |
r-oldrel-macos-arm64 | 2.0.1 | OK | ||||
r-oldrel-macos-x86_64 | 2.0.1 | WARN | ||||
r-oldrel-windows-ix86+x86_64 | 2.0.1 | 17.00 | 387.00 | 404.00 | OK |
Version: 2.0.1
Check: re-building of vignette outputs
Result: WARN
Error(s) in re-building vignettes:
--- re-building ‘vignette_iBreakDown_description.Rmd’ using rmarkdown
Warning in engine$weave(file, quiet = quiet, encoding = enc) :
Pandoc (>= 1.12.3) not available. Falling back to R Markdown v1.
Welcome to DALEX (version: 2.2.0).
Find examples and detailed introduction at: http://ema.drwhy.ai/
randomForest 4.6-14
Type rfNews() to see new features/changes/bug fixes.
Warning in randomForest.default(m, y, ...) :
The response has five or fewer unique values. Are you sure you want to do regression?
--- finished re-building ‘vignette_iBreakDown_description.Rmd’
--- re-building ‘vignette_iBreakDown_titanic.Rmd’ using rmarkdown
Warning in engine$weave(file, quiet = quiet, encoding = enc) :
Pandoc (>= 1.12.3) not available. Falling back to R Markdown v1.
Welcome to DALEX (version: 2.2.0).
Find examples and detailed introduction at: http://ema.drwhy.ai/
randomForest 4.6-14
Type rfNews() to see new features/changes/bug fixes.
Warning in randomForest.default(m, y, ...) :
The response has five or fewer unique values. Are you sure you want to do regression?
PhantomJS not found. You can install it with webshot::install_phantomjs(). If it is installed, please make sure the phantomjs executable can be found via the PATH variable.
PhantomJS not found. You can install it with webshot::install_phantomjs(). If it is installed, please make sure the phantomjs executable can be found via the PATH variable.
Quitting from lines 91-92 (vignette_iBreakDown_titanic.Rmd)
Error: processing vignette 'vignette_iBreakDown_titanic.Rmd' failed with diagnostics:
invalid 'path' argument
--- failed re-building ‘vignette_iBreakDown_titanic.Rmd’
SUMMARY: processing the following file failed:
‘vignette_iBreakDown_titanic.Rmd’
Error: Vignette re-building failed.
Execution halted
Flavors: r-release-macos-x86_64, r-oldrel-macos-x86_64