Last updated on 2022-04-24 03:52:28 CEST.
Flavor | Version | Tinstall | Tcheck | Ttotal | Status | Flags |
---|---|---|---|---|---|---|
r-devel-linux-x86_64-debian-clang | 1.3.1 | 1.98 | 38.91 | 40.89 | OK | |
r-devel-linux-x86_64-debian-gcc | 1.3.1 | 1.47 | 31.27 | 32.74 | OK | |
r-devel-linux-x86_64-fedora-clang | 1.3.1 | 50.02 | NOTE | |||
r-devel-linux-x86_64-fedora-gcc | 1.3.1 | 39.83 | OK | |||
r-patched-linux-x86_64 | 1.3.1 | 1.76 | 38.32 | 40.08 | OK | |
r-release-linux-x86_64 | 1.3.1 | 2.05 | 37.22 | 39.27 | OK | |
r-release-macos-arm64 | 1.3.1 | NOTE | ||||
r-release-macos-x86_64 | 1.3.1 | NOTE | ||||
r-release-windows-x86_64 | 1.3.1 | 28.00 | 61.00 | 89.00 | NOTE | |
r-oldrel-macos-arm64 | 1.3.1 | NOTE | ||||
r-oldrel-macos-x86_64 | 1.3.1 | NOTE | ||||
r-oldrel-windows-ix86+x86_64 | 1.3.1 | 4.00 | 34.00 | 38.00 | NOTE |
Version: 1.3.1
Check: installed package size
Result: NOTE
installed size is 6.1Mb
sub-directories of 1Mb or more:
data 6.1Mb
Flavors: r-devel-linux-x86_64-fedora-clang, r-release-macos-arm64, r-release-macos-x86_64, r-release-windows-x86_64, r-oldrel-macos-arm64, r-oldrel-macos-x86_64, r-oldrel-windows-ix86+x86_64