Last updated on 2022-04-24 03:52:28 CEST.
Flavor | Version | Tinstall | Tcheck | Ttotal | Status | Flags |
---|---|---|---|---|---|---|
r-devel-linux-x86_64-debian-clang | 2.0.2.1 | 10.24 | 280.00 | 290.24 | OK | |
r-devel-linux-x86_64-debian-gcc | 2.0.2.1 | 7.99 | 195.58 | 203.57 | OK | |
r-devel-linux-x86_64-fedora-clang | 2.0.2.1 | 378.85 | OK | |||
r-devel-linux-x86_64-fedora-gcc | 2.0.2.1 | 297.99 | OK | |||
r-patched-linux-x86_64 | 2.0.2.1 | 6.80 | 236.99 | 243.79 | OK | |
r-release-linux-x86_64 | 2.0.2.1 | 6.11 | 225.10 | 231.21 | OK | |
r-release-macos-arm64 | 2.0.2.1 | OK | ||||
r-release-macos-x86_64 | 2.0.2.1 | WARN | ||||
r-release-windows-x86_64 | 2.0.2.1 | 21.00 | 229.00 | 250.00 | OK | |
r-oldrel-macos-arm64 | 2.0.2.1 | OK | ||||
r-oldrel-macos-x86_64 | 2.0.2.1 | WARN | ||||
r-oldrel-windows-ix86+x86_64 | 2.0.2.1 | 24.00 | 223.00 | 247.00 | OK |
Version: 2.0.2.1
Check: re-building of vignette outputs
Result: WARN
Error(s) in re-building vignettes:
...
--- re-building ‘example.Rmd’ using rmarkdown
Pandoc is required to build R Markdown vignettes but not available. Please make sure it is installed.
Flavors: r-release-macos-x86_64, r-oldrel-macos-x86_64